{"id":11,"date":"2016-03-23T08:18:10","date_gmt":"2016-03-23T08:18:10","guid":{"rendered":"http:\/\/ronaldruseler.nl\/dir\/?page_id=11"},"modified":"2020-02-15T09:17:51","modified_gmt":"2020-02-15T09:17:51","slug":"zuid","status":"publish","type":"page","link":"http:\/\/ronaldruseler.nl\/dir\/zuid\/","title":{"rendered":"Zuid"},"content":{"rendered":"<p><strong><a href=\"http:\/\/ronaldruseler.nl\/dir\/belgie\/\">Belgi\u00eb<br \/>\n<\/a>Luxemburg<\/strong><br \/>\n<strong> <a href=\"http:\/\/ronaldruseler.nl\/dir\/frankrijk\/\">Frankrijk<br \/>\n<\/a><a href=\"http:\/\/ronaldruseler.nl\/dir\/spanje\/\">Spanje<\/a><\/strong><br \/>\n<a href=\"http:\/\/ronaldruseler.nl\/dir\/portugal\/\"><strong>Portugal<\/strong><\/a><br \/>\n<strong><a href=\"http:\/\/ronaldruseler.nl\/dir\/italie\/\">Itali\u00eb<\/a><br \/>\nSloveni\u00eb<br \/>\nKroati\u00eb<br \/>\nServi\u00eb<br \/>\nMacedoni\u00eb<br \/>\n<a href=\"http:\/\/ronaldruseler.nl\/dir\/griekenland\/\">Griekenland<\/a><br \/>\n<a href=\"http:\/\/ronaldruseler.nl\/dir\/turkije\/\">Turkije<\/a><br \/>\nCyprus<br \/>\nMalta<\/strong><\/p>\n","protected":false},"excerpt":{"rendered":"<p>Belgi\u00eb Luxemburg Frankrijk Spanje Portugal Itali\u00eb Sloveni\u00eb Kroati\u00eb Servi\u00eb Macedoni\u00eb Griekenland Turkije Cyprus Malta<\/p>\n","protected":false},"author":1,"featured_media":0,"parent":0,"menu_order":0,"comment_status":"closed","ping_status":"closed","template":"","meta":{"footnotes":""},"class_list":["post-11","page","type-page","status-publish","hentry"],"_links":{"self":[{"href":"http:\/\/ronaldruseler.nl\/dir\/wp-json\/wp\/v2\/pages\/11","targetHints":{"allow":["GET"]}}],"collection":[{"href":"http:\/\/ronaldruseler.nl\/dir\/wp-json\/wp\/v2\/pages"}],"about":[{"href":"http:\/\/ronaldruseler.nl\/dir\/wp-json\/wp\/v2\/types\/page"}],"author":[{"embeddable":true,"href":"http:\/\/ronaldruseler.nl\/dir\/wp-json\/wp\/v2\/users\/1"}],"replies":[{"embeddable":true,"href":"http:\/\/ronaldruseler.nl\/dir\/wp-json\/wp\/v2\/comments?post=11"}],"version-history":[{"count":11,"href":"http:\/\/ronaldruseler.nl\/dir\/wp-json\/wp\/v2\/pages\/11\/revisions"}],"predecessor-version":[{"id":1447,"href":"http:\/\/ronaldruseler.nl\/dir\/wp-json\/wp\/v2\/pages\/11\/revisions\/1447"}],"wp:attachment":[{"href":"http:\/\/ronaldruseler.nl\/dir\/wp-json\/wp\/v2\/media?parent=11"}],"curies":[{"name":"wp","href":"https:\/\/api.w.org\/{rel}","templated":true}]}}