{"id":1902,"date":"2022-07-06T08:50:38","date_gmt":"2022-07-06T08:50:38","guid":{"rendered":"http:\/\/ronaldruseler.nl\/dir\/?page_id=1902"},"modified":"2022-07-17T08:21:44","modified_gmt":"2022-07-17T08:21:44","slug":"ijsland","status":"publish","type":"page","link":"http:\/\/ronaldruseler.nl\/dir\/ijsland\/","title":{"rendered":"IJsland"},"content":{"rendered":"\n<figure class=\"wp-block-image size-full is-style-default\"><img loading=\"lazy\" decoding=\"async\" width=\"708\" height=\"243\" src=\"http:\/\/ronaldruseler.nl\/dir\/wp-content\/uploads\/2022\/07\/CF5A3B8D-41FF-4F64-A2ED-F9B19EEF000D_4_5005_c.jpeg\" alt=\"\" class=\"wp-image-1914\" srcset=\"http:\/\/ronaldruseler.nl\/dir\/wp-content\/uploads\/2022\/07\/CF5A3B8D-41FF-4F64-A2ED-F9B19EEF000D_4_5005_c.jpeg 708w, http:\/\/ronaldruseler.nl\/dir\/wp-content\/uploads\/2022\/07\/CF5A3B8D-41FF-4F64-A2ED-F9B19EEF000D_4_5005_c-300x103.jpeg 300w, http:\/\/ronaldruseler.nl\/dir\/wp-content\/uploads\/2022\/07\/CF5A3B8D-41FF-4F64-A2ED-F9B19EEF000D_4_5005_c-624x214.jpeg 624w\" sizes=\"auto, (max-width: 708px) 100vw, 708px\" \/><\/figure>\n\n\n\n<p>Fjord van Seydisfj\u00f6rdur<br>Egilsstadir<br>Reykjavik<br>Meer van Pingvellir<\/p>\n\n\n\n<figure class=\"wp-block-image size-full is-style-default\"><img loading=\"lazy\" decoding=\"async\" width=\"709\" height=\"373\" src=\"http:\/\/ronaldruseler.nl\/dir\/wp-content\/uploads\/2022\/07\/73F32F87-DD5F-4E90-A639-A4DF361F3DD0-1.jpeg\" alt=\"\" class=\"wp-image-1918\" srcset=\"http:\/\/ronaldruseler.nl\/dir\/wp-content\/uploads\/2022\/07\/73F32F87-DD5F-4E90-A639-A4DF361F3DD0-1.jpeg 709w, http:\/\/ronaldruseler.nl\/dir\/wp-content\/uploads\/2022\/07\/73F32F87-DD5F-4E90-A639-A4DF361F3DD0-1-300x158.jpeg 300w, http:\/\/ronaldruseler.nl\/dir\/wp-content\/uploads\/2022\/07\/73F32F87-DD5F-4E90-A639-A4DF361F3DD0-1-624x328.jpeg 624w\" sizes=\"auto, (max-width: 709px) 100vw, 709px\" \/><\/figure>\n\n\n\n<p><br>Hveravellir<br>Lauggarvatn<br>Gullfoss &#8211; Geysir<br>Meer van Hvit\u00e1rvathn<br>Gletscher van Langj\u00f6kull<br>Hveravellir &#8211; Husav\u00edk &#8211; Heidarbaer<br>J\u00f6kuls\u00e4rglj\u00fafur Nationale Park<\/p>\n\n\n\n<figure class=\"wp-block-image size-full is-style-default\"><img loading=\"lazy\" decoding=\"async\" width=\"709\" height=\"425\" src=\"http:\/\/ronaldruseler.nl\/dir\/wp-content\/uploads\/2022\/07\/IMG_2506-1.jpg\" alt=\"\" class=\"wp-image-1928\" srcset=\"http:\/\/ronaldruseler.nl\/dir\/wp-content\/uploads\/2022\/07\/IMG_2506-1.jpg 709w, http:\/\/ronaldruseler.nl\/dir\/wp-content\/uploads\/2022\/07\/IMG_2506-1-300x180.jpg 300w, http:\/\/ronaldruseler.nl\/dir\/wp-content\/uploads\/2022\/07\/IMG_2506-1-624x374.jpg 624w\" sizes=\"auto, (max-width: 709px) 100vw, 709px\" \/><\/figure>\n\n\n\n<p> (Eylan, Katlar, Dettifoss)<br>Versturdallir<br>Hlj\u00f3daklettar ( de Echo Rotsen) <br>(Myvatn &gt; Muggenmeer)<br>Reijkjahlid <br>(Hverar\u00f6nd, St\u00f6ragj\u00e4, Grotagja, Hverfjall)<br>Sprengislandur &gt; gletsjer Tungnafellsj\u00f6kull<br>(Hvarf, Myri, Aldeyjarfoss, Versalir)<\/p>\n\n\n\n<figure class=\"wp-block-image size-full is-style-default\"><img loading=\"lazy\" decoding=\"async\" width=\"708\" height=\"234\" src=\"http:\/\/ronaldruseler.nl\/dir\/wp-content\/uploads\/2022\/07\/14F31B8A-D052-4291-A186-8D7C1DD6EA47_4_5005_c.jpeg\" alt=\"\" class=\"wp-image-1917\" srcset=\"http:\/\/ronaldruseler.nl\/dir\/wp-content\/uploads\/2022\/07\/14F31B8A-D052-4291-A186-8D7C1DD6EA47_4_5005_c.jpeg 708w, http:\/\/ronaldruseler.nl\/dir\/wp-content\/uploads\/2022\/07\/14F31B8A-D052-4291-A186-8D7C1DD6EA47_4_5005_c-300x99.jpeg 300w, http:\/\/ronaldruseler.nl\/dir\/wp-content\/uploads\/2022\/07\/14F31B8A-D052-4291-A186-8D7C1DD6EA47_4_5005_c-624x206.jpeg 624w\" sizes=\"auto, (max-width: 708px) 100vw, 708px\" \/><\/figure>\n\n\n\n<p>Landmannalaugar<br>(Brennissteinsalda, drakenrug, Storiver, Eldgja)<br>Kirkjubaejarklanstur<br>(Grimv\u00f6tu)<br>J\u00f6kuls\u00e1rion<br>Sk\u00f3gar<br>Reykjavik (guesthouse Egilsborg)<br>(Harbour House, Kjavalsstadir, National Gallery) <br> <\/p>\n\n\n\n<figure class=\"wp-block-image size-full is-resized is-style-default\"><img loading=\"lazy\" decoding=\"async\" src=\"http:\/\/ronaldruseler.nl\/dir\/wp-content\/uploads\/2022\/07\/810E9E46-A482-46A1-AFE7-17A31483AF5C.jpeg\" alt=\"\" class=\"wp-image-1920\" width=\"709\" height=\"630\" srcset=\"http:\/\/ronaldruseler.nl\/dir\/wp-content\/uploads\/2022\/07\/810E9E46-A482-46A1-AFE7-17A31483AF5C.jpeg 709w, http:\/\/ronaldruseler.nl\/dir\/wp-content\/uploads\/2022\/07\/810E9E46-A482-46A1-AFE7-17A31483AF5C-300x267.jpeg 300w, http:\/\/ronaldruseler.nl\/dir\/wp-content\/uploads\/2022\/07\/810E9E46-A482-46A1-AFE7-17A31483AF5C-624x554.jpeg 624w\" sizes=\"auto, (max-width: 709px) 100vw, 709px\" \/><\/figure>\n\n\n\n<figure class=\"wp-block-image size-full is-style-default\"><img loading=\"lazy\" decoding=\"async\" width=\"708\" height=\"319\" src=\"http:\/\/ronaldruseler.nl\/dir\/wp-content\/uploads\/2022\/07\/203AF00E-512F-4E15-BF11-FC48589F2096_4_5005_c-1.jpeg\" alt=\"\" class=\"wp-image-1929\" srcset=\"http:\/\/ronaldruseler.nl\/dir\/wp-content\/uploads\/2022\/07\/203AF00E-512F-4E15-BF11-FC48589F2096_4_5005_c-1.jpeg 708w, http:\/\/ronaldruseler.nl\/dir\/wp-content\/uploads\/2022\/07\/203AF00E-512F-4E15-BF11-FC48589F2096_4_5005_c-1-300x135.jpeg 300w, http:\/\/ronaldruseler.nl\/dir\/wp-content\/uploads\/2022\/07\/203AF00E-512F-4E15-BF11-FC48589F2096_4_5005_c-1-624x281.jpeg 624w\" sizes=\"auto, (max-width: 708px) 100vw, 708px\" \/><figcaption><sup><sub>Hm, rare mensen<\/sub><\/sup><\/figcaption><\/figure>\n\n\n\n<figure class=\"wp-block-image size-full is-style-default\"><img loading=\"lazy\" decoding=\"async\" width=\"709\" height=\"449\" src=\"http:\/\/ronaldruseler.nl\/dir\/wp-content\/uploads\/2022\/07\/45200B45-1F95-4C18-8CA3-DB1127134FA9-2.jpeg\" alt=\"\" class=\"wp-image-1930\" srcset=\"http:\/\/ronaldruseler.nl\/dir\/wp-content\/uploads\/2022\/07\/45200B45-1F95-4C18-8CA3-DB1127134FA9-2.jpeg 709w, http:\/\/ronaldruseler.nl\/dir\/wp-content\/uploads\/2022\/07\/45200B45-1F95-4C18-8CA3-DB1127134FA9-2-300x190.jpeg 300w, http:\/\/ronaldruseler.nl\/dir\/wp-content\/uploads\/2022\/07\/45200B45-1F95-4C18-8CA3-DB1127134FA9-2-624x395.jpeg 624w\" sizes=\"auto, (max-width: 709px) 100vw, 709px\" \/><\/figure>\n\n\n\n<figure class=\"wp-block-image size-full is-style-default\"><img loading=\"lazy\" decoding=\"async\" width=\"709\" height=\"426\" src=\"http:\/\/ronaldruseler.nl\/dir\/wp-content\/uploads\/2022\/07\/5340DA1A-538E-4A56-B231-965317C7245A-1.jpeg\" alt=\"\" class=\"wp-image-1931\" srcset=\"http:\/\/ronaldruseler.nl\/dir\/wp-content\/uploads\/2022\/07\/5340DA1A-538E-4A56-B231-965317C7245A-1.jpeg 709w, http:\/\/ronaldruseler.nl\/dir\/wp-content\/uploads\/2022\/07\/5340DA1A-538E-4A56-B231-965317C7245A-1-300x180.jpeg 300w, http:\/\/ronaldruseler.nl\/dir\/wp-content\/uploads\/2022\/07\/5340DA1A-538E-4A56-B231-965317C7245A-1-624x375.jpeg 624w\" sizes=\"auto, (max-width: 709px) 100vw, 709px\" \/><\/figure>\n\n\n\n<figure class=\"wp-block-image size-full is-style-default\"><img loading=\"lazy\" decoding=\"async\" width=\"700\" height=\"505\" src=\"http:\/\/ronaldruseler.nl\/dir\/wp-content\/uploads\/2022\/07\/Schermafbeelding-2022-07-08-om-10.42.36-1.jpeg\" alt=\"\" class=\"wp-image-1934\" srcset=\"http:\/\/ronaldruseler.nl\/dir\/wp-content\/uploads\/2022\/07\/Schermafbeelding-2022-07-08-om-10.42.36-1.jpeg 700w, http:\/\/ronaldruseler.nl\/dir\/wp-content\/uploads\/2022\/07\/Schermafbeelding-2022-07-08-om-10.42.36-1-300x216.jpeg 300w, http:\/\/ronaldruseler.nl\/dir\/wp-content\/uploads\/2022\/07\/Schermafbeelding-2022-07-08-om-10.42.36-1-624x450.jpeg 624w\" sizes=\"auto, (max-width: 700px) 100vw, 700px\" \/><\/figure>\n\n\n\n<figure class=\"wp-block-image size-full is-style-default\"><img loading=\"lazy\" decoding=\"async\" width=\"709\" height=\"507\" src=\"http:\/\/ronaldruseler.nl\/dir\/wp-content\/uploads\/2022\/07\/06.jpeg\" alt=\"\" class=\"wp-image-1963\" srcset=\"http:\/\/ronaldruseler.nl\/dir\/wp-content\/uploads\/2022\/07\/06.jpeg 709w, http:\/\/ronaldruseler.nl\/dir\/wp-content\/uploads\/2022\/07\/06-300x215.jpeg 300w, http:\/\/ronaldruseler.nl\/dir\/wp-content\/uploads\/2022\/07\/06-624x446.jpeg 624w\" sizes=\"auto, (max-width: 709px) 100vw, 709px\" \/><\/figure>\n\n\n\n<figure class=\"wp-block-image size-full is-style-default\"><img loading=\"lazy\" decoding=\"async\" width=\"700\" height=\"508\" src=\"http:\/\/ronaldruseler.nl\/dir\/wp-content\/uploads\/2022\/07\/Schermafbeelding-2022-07-15-om-12.48.44.jpeg\" alt=\"\" class=\"wp-image-1936\" srcset=\"http:\/\/ronaldruseler.nl\/dir\/wp-content\/uploads\/2022\/07\/Schermafbeelding-2022-07-15-om-12.48.44.jpeg 700w, http:\/\/ronaldruseler.nl\/dir\/wp-content\/uploads\/2022\/07\/Schermafbeelding-2022-07-15-om-12.48.44-300x218.jpeg 300w, http:\/\/ronaldruseler.nl\/dir\/wp-content\/uploads\/2022\/07\/Schermafbeelding-2022-07-15-om-12.48.44-624x453.jpeg 624w\" sizes=\"auto, (max-width: 700px) 100vw, 700px\" \/><\/figure>\n\n\n\n<figure class=\"wp-block-image size-full is-resized is-style-default\"><img loading=\"lazy\" decoding=\"async\" src=\"http:\/\/ronaldruseler.nl\/dir\/wp-content\/uploads\/2022\/07\/Schermafbeelding-2022-07-15-om-12.52.40.jpeg\" alt=\"\" class=\"wp-image-1937\" width=\"700\" height=\"499\" srcset=\"http:\/\/ronaldruseler.nl\/dir\/wp-content\/uploads\/2022\/07\/Schermafbeelding-2022-07-15-om-12.52.40.jpeg 700w, http:\/\/ronaldruseler.nl\/dir\/wp-content\/uploads\/2022\/07\/Schermafbeelding-2022-07-15-om-12.52.40-300x214.jpeg 300w, http:\/\/ronaldruseler.nl\/dir\/wp-content\/uploads\/2022\/07\/Schermafbeelding-2022-07-15-om-12.52.40-624x445.jpeg 624w\" sizes=\"auto, (max-width: 700px) 100vw, 700px\" \/><\/figure>\n\n\n\n<figure class=\"wp-block-image size-full is-style-default\"><img loading=\"lazy\" decoding=\"async\" width=\"700\" height=\"498\" src=\"http:\/\/ronaldruseler.nl\/dir\/wp-content\/uploads\/2022\/07\/Schermafbeelding-2022-07-15-om-12.55.01.jpeg\" alt=\"\" class=\"wp-image-1938\" srcset=\"http:\/\/ronaldruseler.nl\/dir\/wp-content\/uploads\/2022\/07\/Schermafbeelding-2022-07-15-om-12.55.01.jpeg 700w, http:\/\/ronaldruseler.nl\/dir\/wp-content\/uploads\/2022\/07\/Schermafbeelding-2022-07-15-om-12.55.01-300x213.jpeg 300w, http:\/\/ronaldruseler.nl\/dir\/wp-content\/uploads\/2022\/07\/Schermafbeelding-2022-07-15-om-12.55.01-624x444.jpeg 624w\" sizes=\"auto, (max-width: 700px) 100vw, 700px\" \/><\/figure>\n","protected":false},"excerpt":{"rendered":"<p>Fjord van Seydisfj\u00f6rdurEgilsstadirReykjavikMeer van Pingvellir HveravellirLauggarvatnGullfoss &#8211; GeysirMeer van Hvit\u00e1rvathnGletscher van Langj\u00f6kullHveravellir &#8211; Husav\u00edk &#8211; HeidarbaerJ\u00f6kuls\u00e4rglj\u00fafur Nationale Park (Eylan, Katlar, Dettifoss)VersturdallirHlj\u00f3daklettar ( de Echo Rotsen) (Myvatn &gt; Muggenmeer)Reijkjahlid (Hverar\u00f6nd, St\u00f6ragj\u00e4, Grotagja, Hverfjall)Sprengislandur &gt; gletsjer Tungnafellsj\u00f6kull(Hvarf, Myri, Aldeyjarfoss, Versalir) Landmannalaugar(Brennissteinsalda, drakenrug, Storiver, Eldgja)Kirkjubaejarklanstur(Grimv\u00f6tu)J\u00f6kuls\u00e1rionSk\u00f3garReykjavik (guesthouse Egilsborg)(Harbour House, Kjavalsstadir, National Gallery)<\/p>\n","protected":false},"author":1,"featured_media":0,"parent":0,"menu_order":0,"comment_status":"closed","ping_status":"closed","template":"","meta":{"footnotes":""},"class_list":["post-1902","page","type-page","status-publish","hentry"],"_links":{"self":[{"href":"http:\/\/ronaldruseler.nl\/dir\/wp-json\/wp\/v2\/pages\/1902","targetHints":{"allow":["GET"]}}],"collection":[{"href":"http:\/\/ronaldruseler.nl\/dir\/wp-json\/wp\/v2\/pages"}],"about":[{"href":"http:\/\/ronaldruseler.nl\/dir\/wp-json\/wp\/v2\/types\/page"}],"author":[{"embeddable":true,"href":"http:\/\/ronaldruseler.nl\/dir\/wp-json\/wp\/v2\/users\/1"}],"replies":[{"embeddable":true,"href":"http:\/\/ronaldruseler.nl\/dir\/wp-json\/wp\/v2\/comments?post=1902"}],"version-history":[{"count":11,"href":"http:\/\/ronaldruseler.nl\/dir\/wp-json\/wp\/v2\/pages\/1902\/revisions"}],"predecessor-version":[{"id":1964,"href":"http:\/\/ronaldruseler.nl\/dir\/wp-json\/wp\/v2\/pages\/1902\/revisions\/1964"}],"wp:attachment":[{"href":"http:\/\/ronaldruseler.nl\/dir\/wp-json\/wp\/v2\/media?parent=1902"}],"curies":[{"name":"wp","href":"https:\/\/api.w.org\/{rel}","templated":true}]}}