{"id":267,"date":"2016-04-27T05:49:23","date_gmt":"2016-04-27T05:49:23","guid":{"rendered":"http:\/\/ronaldruseler.nl\/dir\/?page_id=267"},"modified":"2020-11-02T09:27:56","modified_gmt":"2020-11-02T09:27:56","slug":"mexico","status":"publish","type":"page","link":"http:\/\/ronaldruseler.nl\/dir\/mexico\/","title":{"rendered":"Mexico"},"content":{"rendered":"<p>Mexico DF<\/p>\n<p><a href=\"http:\/\/ronaldruseler.nl\/wp-tekst\/reiskoorts-mexico-1984\/\">http:\/\/ronaldruseler.nl\/wp-tekst\/reiskoorts-mexico-1984\/<\/a><\/p>\n<div id=\"attachment_696\" style=\"width: 1303px\" class=\"wp-caption alignnone\"><img loading=\"lazy\" decoding=\"async\" aria-describedby=\"caption-attachment-696\" class=\"wp-image-696 size-full\" src=\"http:\/\/ronaldruseler.nl\/dir\/wp-content\/uploads\/2016\/04\/1984-0.jpg\" alt=\"1984-0\" width=\"1293\" height=\"2835\" srcset=\"http:\/\/ronaldruseler.nl\/dir\/wp-content\/uploads\/2016\/04\/1984-0.jpg 1293w, http:\/\/ronaldruseler.nl\/dir\/wp-content\/uploads\/2016\/04\/1984-0-137x300.jpg 137w, http:\/\/ronaldruseler.nl\/dir\/wp-content\/uploads\/2016\/04\/1984-0-768x1684.jpg 768w, http:\/\/ronaldruseler.nl\/dir\/wp-content\/uploads\/2016\/04\/1984-0-467x1024.jpg 467w, http:\/\/ronaldruseler.nl\/dir\/wp-content\/uploads\/2016\/04\/1984-0-624x1368.jpg 624w\" sizes=\"auto, (max-width: 1293px) 100vw, 1293px\" \/><p id=\"caption-attachment-696\" class=\"wp-caption-text\">de reis van 1984<\/p><\/div>\n<p>Tenancingo, Tlaxcala<br \/>\nMalinalco, Mexico<br \/>\nTaxco, Guerrero<br \/>\nChilpancingo, Guerrero<br \/>\nA Puerto Escondido, Ayoquezco de Aldama, Oaxaca<br \/>\nPuerto \u00c1ngel, Oaxaca<br \/>\nSanto Domingo Tehuantepec, Oaxaca<br \/>\nSan Crist\u00f3bal de las Casas, Chiapas<br \/>\nLa Mesilla, Guatemala<\/p>\n<p>Tenosique de Pino Su\u00e1rez,\u00a0Tabasco<br \/>\nVillahermosa, Tabasco<\/p>\n<p>Mexico-Stad, Federaal District<br \/>\nCuernavaca<br \/>\nPuebla<br \/>\nPosa Rica<br \/>\nEl Tajin<\/p>\n<p>Pachuca<br \/>\nTula<br \/>\nTeotihuian<\/p>\n<p>Toluca &gt; ruines van Teotenango<br \/>\nMalinalco<br \/>\npiramides van Calixtahuaca<br \/>\nOaxaca<\/p>\n<p>Hidalgo,<br \/>\nMorelos,<br \/>\nGuerrero,<br \/>\nVeracruz,<\/p>\n<p>Merida, Yucatan<br \/>\nDzibilchaltun<br \/>\nChichen Itza<br \/>\nUxmal<br \/>\nKabah<br \/>\nSayil<br \/>\nLabna<\/p>\n<div id=\"attachment_658\" style=\"width: 1079px\" class=\"wp-caption alignnone\"><img loading=\"lazy\" decoding=\"async\" aria-describedby=\"caption-attachment-658\" class=\"wp-image-658 size-full\" src=\"http:\/\/ronaldruseler.nl\/dir\/wp-content\/uploads\/2016\/04\/mexico-1989.png\" alt=\"mexico 1989\" width=\"1069\" height=\"689\" srcset=\"http:\/\/ronaldruseler.nl\/dir\/wp-content\/uploads\/2016\/04\/mexico-1989.png 1069w, http:\/\/ronaldruseler.nl\/dir\/wp-content\/uploads\/2016\/04\/mexico-1989-300x193.png 300w, http:\/\/ronaldruseler.nl\/dir\/wp-content\/uploads\/2016\/04\/mexico-1989-768x495.png 768w, http:\/\/ronaldruseler.nl\/dir\/wp-content\/uploads\/2016\/04\/mexico-1989-1024x660.png 1024w, http:\/\/ronaldruseler.nl\/dir\/wp-content\/uploads\/2016\/04\/mexico-1989-624x402.png 624w\" sizes=\"auto, (max-width: 1069px) 100vw, 1069px\" \/><p id=\"caption-attachment-658\" class=\"wp-caption-text\">de reis van 1989<\/p><\/div>\n<div id=\"attachment_670\" style=\"width: 1810px\" class=\"wp-caption alignnone\"><img loading=\"lazy\" decoding=\"async\" aria-describedby=\"caption-attachment-670\" class=\"wp-image-670 size-full\" src=\"http:\/\/ronaldruseler.nl\/dir\/wp-content\/uploads\/2016\/04\/mexico-1.png\" alt=\"mexico 1\" width=\"1800\" height=\"664\" srcset=\"http:\/\/ronaldruseler.nl\/dir\/wp-content\/uploads\/2016\/04\/mexico-1.png 1800w, http:\/\/ronaldruseler.nl\/dir\/wp-content\/uploads\/2016\/04\/mexico-1-300x111.png 300w, http:\/\/ronaldruseler.nl\/dir\/wp-content\/uploads\/2016\/04\/mexico-1-768x283.png 768w, http:\/\/ronaldruseler.nl\/dir\/wp-content\/uploads\/2016\/04\/mexico-1-1024x378.png 1024w, http:\/\/ronaldruseler.nl\/dir\/wp-content\/uploads\/2016\/04\/mexico-1-624x230.png 624w\" sizes=\"auto, (max-width: 1800px) 100vw, 1800px\" \/><p id=\"caption-attachment-670\" class=\"wp-caption-text\">de reis van 1989<\/p><\/div>\n","protected":false},"excerpt":{"rendered":"<p>Mexico DF http:\/\/ronaldruseler.nl\/wp-tekst\/reiskoorts-mexico-1984\/ Tenancingo, Tlaxcala Malinalco, Mexico Taxco, Guerrero Chilpancingo, Guerrero A Puerto Escondido, Ayoquezco de Aldama, Oaxaca Puerto \u00c1ngel, Oaxaca Santo Domingo Tehuantepec, Oaxaca San Crist\u00f3bal de las Casas, Chiapas La Mesilla, Guatemala Tenosique de Pino Su\u00e1rez,\u00a0Tabasco Villahermosa, Tabasco Mexico-Stad, Federaal District Cuernavaca Puebla Posa Rica El Tajin Pachuca Tula Teotihuian Toluca &gt; ruines van Teotenango Malinalco piramides van&#8230; <a href=\"http:\/\/ronaldruseler.nl\/dir\/mexico\/\">Read more &raquo;<\/a><\/p>\n","protected":false},"author":1,"featured_media":0,"parent":0,"menu_order":0,"comment_status":"closed","ping_status":"closed","template":"","meta":{"footnotes":""},"class_list":["post-267","page","type-page","status-publish","hentry"],"_links":{"self":[{"href":"http:\/\/ronaldruseler.nl\/dir\/wp-json\/wp\/v2\/pages\/267","targetHints":{"allow":["GET"]}}],"collection":[{"href":"http:\/\/ronaldruseler.nl\/dir\/wp-json\/wp\/v2\/pages"}],"about":[{"href":"http:\/\/ronaldruseler.nl\/dir\/wp-json\/wp\/v2\/types\/page"}],"author":[{"embeddable":true,"href":"http:\/\/ronaldruseler.nl\/dir\/wp-json\/wp\/v2\/users\/1"}],"replies":[{"embeddable":true,"href":"http:\/\/ronaldruseler.nl\/dir\/wp-json\/wp\/v2\/comments?post=267"}],"version-history":[{"count":11,"href":"http:\/\/ronaldruseler.nl\/dir\/wp-json\/wp\/v2\/pages\/267\/revisions"}],"predecessor-version":[{"id":1752,"href":"http:\/\/ronaldruseler.nl\/dir\/wp-json\/wp\/v2\/pages\/267\/revisions\/1752"}],"wp:attachment":[{"href":"http:\/\/ronaldruseler.nl\/dir\/wp-json\/wp\/v2\/media?parent=267"}],"curies":[{"name":"wp","href":"https:\/\/api.w.org\/{rel}","templated":true}]}}