{"id":1086,"date":"2017-02-20T07:46:47","date_gmt":"2017-02-20T07:46:47","guid":{"rendered":"http:\/\/ronaldruseler.nl\/wp-tekst\/?page_id=1086"},"modified":"2020-03-29T17:09:59","modified_gmt":"2020-03-29T17:09:59","slug":"la-ville-sendormait-jacques-brel","status":"publish","type":"page","link":"http:\/\/ronaldruseler.nl\/wp-tekst\/la-ville-sendormait-jacques-brel\/","title":{"rendered":"La Ville S&#8217;Endormait &#8211; Jacques Brel"},"content":{"rendered":"\n<figure class=\"wp-block-image size-large\"><img loading=\"lazy\" decoding=\"async\" width=\"567\" height=\"223\" src=\"http:\/\/ronaldruseler.nl\/wp-tekst\/wp-content\/uploads\/2020\/03\/P1030615.jpg\" alt=\"\" class=\"wp-image-2654\" srcset=\"http:\/\/ronaldruseler.nl\/wp-tekst\/wp-content\/uploads\/2020\/03\/P1030615.jpg 567w, http:\/\/ronaldruseler.nl\/wp-tekst\/wp-content\/uploads\/2020\/03\/P1030615-300x118.jpg 300w\" sizes=\"auto, (max-width: 567px) 100vw, 567px\" \/><\/figure>\n\n\n<p>La ville s&#8217;endormait<br \/>Et j&#8217;en oublie le nom<br \/>Sur le fleuve en amont<br \/>Un coin de ciel br\u00fblait<br \/>La ville s&#8217;endormait<br \/>Et j&#8217;en oublie le nom<br \/>Et la nuit peu \u00e0 peu<br \/>Et le temps arr\u00eat\u00e9<br \/>Et mon cheval boueux<br \/>Et mon corps fatigu\u00e9<br \/>Et la nuit bleu \u00e0 bleu<br \/>Et l&#8217;eau d&#8217;une fontaine<br \/>Et quelques cris de haine<br \/>Vers\u00e9s par quelques vieux<br \/>Sur de plus vieilles qu&#8217;eux<br \/>Dont le corps s&#8217;ensommeille<\/p>\n<p>La ville s&#8217;endormait<br \/>Et j&#8217;en oublie le nom<br \/>Sur le fleuve en amont<br \/>Un coin de ciel br\u00fblait<br \/>La ville s&#8217;endormait<br \/>Et j&#8217;en oublie le nom<br \/>Et mon cheval qui boit<br \/>Et moi qui le regarde<br \/>Et ma soif qui prend garde<br \/>Qu&#8217;elle ne se voit pas<br \/>Et la fontaine chante<br \/>Et la fatigue plante<br \/>Son couteau dans mes reins<br \/>Et je fais celui-l\u00e0<br \/>Qui est son souverain<br \/>On m&#8217;attend quelque part<br \/>Comme on attend le roi<br \/>Mais on ne m&#8217;attend point<br \/>Je sais depuis d\u00e9j\u00e0<br \/>Que l&#8217;on meurt de hasard<br \/>En allongeant les pas<\/p>\n<p>La ville s&#8217;endormait<br \/>Et j&#8217;en oublie le nom<br \/>Sur le fleuve en amont<br \/>Un coin de ciel br\u00fblait<br \/>La ville s&#8217;endormait<br \/>Et j&#8217;en oublie le nom<br \/>Il est vrai que parfois pr\u00e8s du soir<br \/>Les oiseaux ressemblent \u00e0 des vagues<br \/>Et les vagues aux oiseaux<br \/>Et les hommes aux rires<br \/>Et les rires aux sanglots<br \/>Il est vrai que souvent<br \/>La mer se d\u00e9senchante<br \/>Je veux dire en cela<br \/>Qu&#8217;elle chante<br \/>D&#8217;autres chants<br \/>Que ceux que la mer chante<br \/>Dans les livres d&#8217;enfants<br \/>Mais les femmes toujours<br \/>Ne ressemblent qu&#8217;aux femmes<br \/>Et d&#8217;entre elles les connes<br \/>Ne ressemblent qu&#8217;aux connes<br \/>Et je ne suis pas bien s\u00fbr<br \/>Comme chante un certain<br \/>Qu&#8217;elles soient l&#8217;avenir de l&#8217;homme<\/p>\n<p>La ville s&#8217;endormait<br \/>Et j&#8217;en oublie le nom<br \/>Sur le fleuve en amont<br \/>Un coin de ciel br\u00fblait<br \/>La ville s&#8217;endormait<br \/>Et j&#8217;en oublie le nom<br \/>Et vous \u00eates pass\u00e9e<br \/>Demoiselle inconnue<br \/>\u00c0 deux doigts d&#8217;\u00eatre nue<br \/>Sous le lin qui dansait<\/p>","protected":false},"excerpt":{"rendered":"<p>La ville s&#8217;endormaitEt j&#8217;en oublie le nomSur le fleuve en amontUn coin de ciel br\u00fblaitLa ville s&#8217;endormaitEt j&#8217;en oublie le nomEt la nuit peu \u00e0 peuEt le temps arr\u00eat\u00e9Et mon cheval boueuxEt mon corps fatigu\u00e9Et la nuit bleu \u00e0 bleuEt l&#8217;eau d&#8217;une fontaineEt quelques cris de haineVers\u00e9s par quelques vieuxSur de plus vieilles qu&#8217;euxDont le corps s&#8217;ensommeille La ville s&#8217;endormaitEt&#8230; <a href=\"http:\/\/ronaldruseler.nl\/wp-tekst\/la-ville-sendormait-jacques-brel\/\">Read more &raquo;<\/a><\/p>\n","protected":false},"author":1,"featured_media":0,"parent":0,"menu_order":0,"comment_status":"closed","ping_status":"closed","template":"","meta":{"footnotes":""},"class_list":["post-1086","page","type-page","status-publish","hentry"],"_links":{"self":[{"href":"http:\/\/ronaldruseler.nl\/wp-tekst\/wp-json\/wp\/v2\/pages\/1086","targetHints":{"allow":["GET"]}}],"collection":[{"href":"http:\/\/ronaldruseler.nl\/wp-tekst\/wp-json\/wp\/v2\/pages"}],"about":[{"href":"http:\/\/ronaldruseler.nl\/wp-tekst\/wp-json\/wp\/v2\/types\/page"}],"author":[{"embeddable":true,"href":"http:\/\/ronaldruseler.nl\/wp-tekst\/wp-json\/wp\/v2\/users\/1"}],"replies":[{"embeddable":true,"href":"http:\/\/ronaldruseler.nl\/wp-tekst\/wp-json\/wp\/v2\/comments?post=1086"}],"version-history":[{"count":4,"href":"http:\/\/ronaldruseler.nl\/wp-tekst\/wp-json\/wp\/v2\/pages\/1086\/revisions"}],"predecessor-version":[{"id":2655,"href":"http:\/\/ronaldruseler.nl\/wp-tekst\/wp-json\/wp\/v2\/pages\/1086\/revisions\/2655"}],"wp:attachment":[{"href":"http:\/\/ronaldruseler.nl\/wp-tekst\/wp-json\/wp\/v2\/media?parent=1086"}],"curies":[{"name":"wp","href":"https:\/\/api.w.org\/{rel}","templated":true}]}}