{"id":1100,"date":"2017-02-21T19:27:34","date_gmt":"2017-02-21T19:27:34","guid":{"rendered":"http:\/\/ronaldruseler.nl\/wp-tekst\/?page_id=1100"},"modified":"2018-01-21T11:48:55","modified_gmt":"2018-01-21T11:48:55","slug":"erlkonig-johann-wolfgang-von-goethe","status":"publish","type":"page","link":"http:\/\/ronaldruseler.nl\/wp-tekst\/erlkonig-johann-wolfgang-von-goethe\/","title":{"rendered":"Erlk\u00f6nig &#8211; Johann Wolfgang von Goethe"},"content":{"rendered":"<div id=\"attachment_1514\" style=\"width: 670px\" class=\"wp-caption alignnone\"><img loading=\"lazy\" decoding=\"async\" aria-describedby=\"caption-attachment-1514\" class=\"wp-image-1514 size-full\" src=\"http:\/\/ronaldruseler.nl\/wp-tekst\/wp-content\/uploads\/2017\/02\/de-bomen-FrH-2.jpg\" alt=\"\" width=\"660\" height=\"478\" srcset=\"http:\/\/ronaldruseler.nl\/wp-tekst\/wp-content\/uploads\/2017\/02\/de-bomen-FrH-2.jpg 660w, http:\/\/ronaldruseler.nl\/wp-tekst\/wp-content\/uploads\/2017\/02\/de-bomen-FrH-2-300x217.jpg 300w, http:\/\/ronaldruseler.nl\/wp-tekst\/wp-content\/uploads\/2017\/02\/de-bomen-FrH-2-624x452.jpg 624w\" sizes=\"auto, (max-width: 660px) 100vw, 660px\" \/><p id=\"caption-attachment-1514\" class=\"wp-caption-text\">De Bomen &#8211; Het Bos, 2003 papier, potlood, oliekrijt getekend 41,7 x 59,2 cm collectie Frans Halsmuseum, Haarlem<\/p><\/div>\n<p>Erlk\u00f6nig<\/p>\n<p>Wer reitet so sp\u00e4t durch Nacht und Wind?<br \/>\nEs ist der Vater mit seinem Kind;<br \/>\nEr hat den Knaben wohl in dem Arm,<br \/>\nEr fa\u00dft ihn sicher, er h\u00e4lt ihn warm.-<\/p>\n<p>Mein Sohn, was birgst du so bang dein Gesicht?-<br \/>\nSiehst Vater, du den Erlk\u00f6nig nicht!<br \/>\nDen Erlenk\u00f6nig mit Kron&#8217; und Schweif?-<br \/>\nMein Sohn, es ist ein Nebelstreif.-<\/p>\n<p>&#8216;Du liebes Kind, komm geh mit mir!<br \/>\nGar sch\u00f6ne Spiele, spiel&#8217; ich mit dir;<br \/>\nManch&#8217; bunte Blumen sind an dem Strand;<br \/>\nMeine Mutter hat manch&#8217; g\u00fclden Gewand.&#8217;-<\/p>\n<p>Mein Vater, mein Vater, und h\u00f6rest du nicht,<br \/>\nWas Erlenk\u00f6nig mir leise verspricht?-<br \/>\nSei ruhig, bleibe ruhig, mein Kind!<br \/>\nIn d\u00fcrren Bl\u00e4ttern s\u00e4uselt der Wind.-<br \/>\n&#8216;Willst feiner Knabe, du mit mir gehn?<br \/>\nMeine T\u00f6chter sollen dich warten sch\u00f6n;<br \/>\nMeine T\u00f6chter f\u00fchren den n\u00e4chtlichen Reihn<br \/>\nUnd wiegen und tanzen und singen dich ein.&#8217;<\/p>\n<p>Mein Vater, mein Vater, und siehst du nicht dort<br \/>\nErlk\u00f6nigs T\u00f6chter am d\u00fcsteren Ort?-<br \/>\nMein Sohn, mein Sohn, ich seh&#8217; es genau;<br \/>\nEs scheinen die alten Weiden so grau.-<\/p>\n<p>&#8216;Ich lieb dich, mich reizt deine sch\u00f6ne Gestalt;<br \/>\nUnd bist du nicht willig, so brauch&#8217; ich Gewalt!&#8217;-<br \/>\nMein Vater, mein Vater, jetzt fa\u00dft er mich an!<br \/>\nErlk\u00f6nig hat mir ein Leids getan!-<\/p>\n<p>Dem Vater grauset&#8217;s, er reitet geschwind,<br \/>\nEr h\u00e4lt in den Armen das \u00e4chzende Kind,<br \/>\nErreicht den Hof mit M\u00fche und Not;<br \/>\nIn seinen Armen das Kind war tot.<\/p>\n<p>Johann Wolfgang von Goethe (1749-1832)<\/p>\n","protected":false},"excerpt":{"rendered":"<p>Erlk\u00f6nig Wer reitet so sp\u00e4t durch Nacht und Wind? Es ist der Vater mit seinem Kind; Er hat den Knaben wohl in dem Arm, Er fa\u00dft ihn sicher, er h\u00e4lt ihn warm.- Mein Sohn, was birgst du so bang dein Gesicht?- Siehst Vater, du den Erlk\u00f6nig nicht! Den Erlenk\u00f6nig mit Kron&#8217; und Schweif?- Mein Sohn, es ist ein Nebelstreif.- &#8216;Du&#8230; <a href=\"http:\/\/ronaldruseler.nl\/wp-tekst\/erlkonig-johann-wolfgang-von-goethe\/\">Read more &raquo;<\/a><\/p>\n","protected":false},"author":1,"featured_media":0,"parent":0,"menu_order":0,"comment_status":"closed","ping_status":"closed","template":"","meta":{"footnotes":""},"class_list":["post-1100","page","type-page","status-publish","hentry"],"_links":{"self":[{"href":"http:\/\/ronaldruseler.nl\/wp-tekst\/wp-json\/wp\/v2\/pages\/1100","targetHints":{"allow":["GET"]}}],"collection":[{"href":"http:\/\/ronaldruseler.nl\/wp-tekst\/wp-json\/wp\/v2\/pages"}],"about":[{"href":"http:\/\/ronaldruseler.nl\/wp-tekst\/wp-json\/wp\/v2\/types\/page"}],"author":[{"embeddable":true,"href":"http:\/\/ronaldruseler.nl\/wp-tekst\/wp-json\/wp\/v2\/users\/1"}],"replies":[{"embeddable":true,"href":"http:\/\/ronaldruseler.nl\/wp-tekst\/wp-json\/wp\/v2\/comments?post=1100"}],"version-history":[{"count":2,"href":"http:\/\/ronaldruseler.nl\/wp-tekst\/wp-json\/wp\/v2\/pages\/1100\/revisions"}],"predecessor-version":[{"id":1515,"href":"http:\/\/ronaldruseler.nl\/wp-tekst\/wp-json\/wp\/v2\/pages\/1100\/revisions\/1515"}],"wp:attachment":[{"href":"http:\/\/ronaldruseler.nl\/wp-tekst\/wp-json\/wp\/v2\/media?parent=1100"}],"curies":[{"name":"wp","href":"https:\/\/api.w.org\/{rel}","templated":true}]}}