{"id":1356,"date":"2017-09-22T11:13:40","date_gmt":"2017-09-22T11:13:40","guid":{"rendered":"http:\/\/ronaldruseler.nl\/wp-tekst\/?page_id=1356"},"modified":"2018-03-09T08:32:05","modified_gmt":"2018-03-09T08:32:05","slug":"samenvallende-tegenstellingen-over-de-kunst-van-guillermo-kuitca","status":"publish","type":"page","link":"http:\/\/ronaldruseler.nl\/wp-tekst\/samenvallende-tegenstellingen-over-de-kunst-van-guillermo-kuitca\/","title":{"rendered":"Guillermo Kuitca"},"content":{"rendered":"<p><span style=\"font-size: 14pt;\"><strong>Samenvallende tegenstellingen &#8211; over de kunst van Guillermo Kuitca<\/strong><\/span><\/p>\n<p><strong>Guillermo Kuitca (1961 &#8211; Buenos Aires) is in de jaren negentig van de vorige eeuw bekend geworden met zijn schilderijen over plattegronden van gebouwen, gesloten ruimtes, cellen en beschilderde matrassen. Op die matrassen heeft hij landkaarten geschilderd met de knopen als steden. Door de verf en de hardhandige behandeling zijn ze vaal en groezelig geworden alsof ze een heel leven achter de rug hebben. De kaarten die er op geschilderd zijn missen soms logica of zijn geografisch onjuist, maar roepen meteen allerlei associaties op.<\/strong><\/p>\n<div id=\"attachment_1365\" style=\"width: 181px\" class=\"wp-caption alignleft\"><img loading=\"lazy\" decoding=\"async\" aria-describedby=\"caption-attachment-1365\" class=\"wp-image-1365\" src=\"http:\/\/ronaldruseler.nl\/wp-tekst\/wp-content\/uploads\/2017\/09\/1-Da_Vinci_Vitruvius.jpg\" alt=\"\" width=\"171\" height=\"265\" \/><p id=\"caption-attachment-1365\" class=\"wp-caption-text\">Vitruviusman ca. 1490<\/p><\/div>\n<p><strong>Metaforisch middelpunt<br \/>\n<\/strong>Leonardo da Vinci heeft in de Vitruviusman, uit ca. 1490 is een figuur getekend die zowel past in een vierkant als in een cirkel. Het is misschien wel de beroemdste tekening over onze menselijke maat die wij kennen. Leonardo maakte de mens tot middelpunt van Gods Schepping door een schijnbaar kloppende mathematiek in een ideaal geconstrueerde verhouding weer te geven. In de tijd waarin Da Vinci leefde werd er op een andere manier tegen het geloof aan gekeken dan in de eeuwen daarvoor. De scheppingsketen kreeg in de renaissance een hi\u00ebrarchische structuur. Die begon bij God, ging via de engelen, de sterren, planeten, allerlei levensvormen en eindigde tot slot bij de duivel. De mens kreeg in die keten een centrale plaats toegekend als denkend wezen met een sterfelijk lichaam en een onsterfelijke ziel. Leonardo maakte met die tekening de mens metaforisch tot middelpunt van een ingewikkeld systeem. De tekening toont op een bijna perfecte manier hoe ons persoonlijk universum in het mathematische vierkant en de organische cirkel gestalte krijgt.<\/p>\n<p><strong style=\"font-size: 1rem;\"><br \/>\nLandkaartmatrassen<\/strong><strong><img loading=\"lazy\" decoding=\"async\" class=\"wp-image-1370 alignleft\" src=\"http:\/\/ronaldruseler.nl\/wp-tekst\/wp-content\/uploads\/2017\/09\/5-Zonder-Titel-1992.jpg\" alt=\"\" width=\"182\" height=\"187\" srcset=\"http:\/\/ronaldruseler.nl\/wp-tekst\/wp-content\/uploads\/2017\/09\/5-Zonder-Titel-1992.jpg 500w, http:\/\/ronaldruseler.nl\/wp-tekst\/wp-content\/uploads\/2017\/09\/5-Zonder-Titel-1992-292x300.jpg 292w\" sizes=\"auto, (max-width: 182px) 100vw, 182px\" \/><\/strong><br \/>\nEr speelt zich in het werk van Guillermo Kuitca iets soortgelijks af. Tegenstellingen vallen bij hem ook steeds samen. Hiervoor heeft hij zich laten inspireren door de Argentijnse dichterschrijver Jorge Luis Borges, die schreef dat \u00e9\u00e9n plaats tegelijkertijd alle plaatsen kan zijn en \u00e9\u00e9n dag alle dagen. Het moment en de beleving, het materi\u00eble en het immateri\u00eble worden dan \u00e9\u00e9n geheel.<br \/>\nHoewel het werk van Kuitca er tegenwoordig andere invalshoeken bij heeft gekregen blijven de <em>landkaartmatrassen <\/em>ons fascineren.<br \/>\nAls idee is het vrij eenvoudig, maar het heeft tegelijkertijd een diepere betekenis met vele lagen. De matrassen suggereren een reis die zich zowel materieel als immaterieel voltrekt. De associatie met hotelkamers is dan niet ver weg en dat klopt in zekere zin ook wel, want de reis en het hotel zijn als begrippen altijd met elkaar verknoopt geweest.<\/p>\n<p><strong><img loading=\"lazy\" decoding=\"async\" class=\"wp-image-1367 alignleft\" src=\"http:\/\/ronaldruseler.nl\/wp-tekst\/wp-content\/uploads\/2017\/09\/6-Guillermo-Kuitca-Untitled-1992-acrylic-on-mattress-with-wood-and-bronze-legs-20-beds-each-15-3-4-x-23-5-8-x-47-1-4-in.-Tate-Collection.jpg\" alt=\"\" width=\"208\" height=\"134\" srcset=\"http:\/\/ronaldruseler.nl\/wp-tekst\/wp-content\/uploads\/2017\/09\/6-Guillermo-Kuitca-Untitled-1992-acrylic-on-mattress-with-wood-and-bronze-legs-20-beds-each-15-3-4-x-23-5-8-x-47-1-4-in.-Tate-Collection.jpg 425w, http:\/\/ronaldruseler.nl\/wp-tekst\/wp-content\/uploads\/2017\/09\/6-Guillermo-Kuitca-Untitled-1992-acrylic-on-mattress-with-wood-and-bronze-legs-20-beds-each-15-3-4-x-23-5-8-x-47-1-4-in.-Tate-Collection-300x194.jpg 300w\" sizes=\"auto, (max-width: 208px) 100vw, 208px\" \/>Afgebakende kosmos<\/strong><br \/>\nEen hotelkamer is een afgebakende kosmos waar de slaap altijd aanwezig is en waar dromen (of nachtmerries) vrij spel hebben. Wanneer je de kamerdeur opent is de ruimte in zekere zin neutraal, maar het <em>verhaal<\/em> begint op het moment dat je de kamer betreedt. Dat geldt ook voor het gebruik van een landkaart. De kaart krijgt betekenis op het moment dat je hem raadpleegt, dan vallen abstractie en werkelijkheid samen. Bij de landkaart- en matrassenschilderijen gaat het Kuitca daarom niet om te weten waar je bent, maar om je te verliezen in het onbekende. Voor hem worden de <em>landkaartmatrassen<\/em> daardoor een soort ontmoetingsplek waar het persoonlijke en de publieke ervaring met elkaar verbonden raken.<\/p>\n<p><strong>Materiaal als drager van emotie<\/strong><br \/>\nDe aandacht van de kijker wordt vooral getrokken door Kuitca\u2019s werkwijze. Dit komt enerzijds door de monumentale formaten van zijn doeken in combinatie met de opstellingen van matrasbedden, die als een fictief landschap opgesteld worden, anderzijds door zijn geraffineerde materiaalgebruik. Het is interessant als je kunt zien hoe het materiaalgebruik bij een kunstwerk materiaal <em>blijft <\/em>en de toegepaste techniek tegelijkertijd de suggestie oproept van emotie of beleving. Het materiaal of de techniek die gebruikt wordt versterken dan de betekenis. Dan vallen vorm en inhoud optimaal samen en komt het artistieke proces, dat de kunstenaar al werkend voor ogen heeft, tot leven.<\/p>\n<p><strong><img loading=\"lazy\" decoding=\"async\" class=\"wp-image-1368 alignleft\" src=\"http:\/\/ronaldruseler.nl\/wp-tekst\/wp-content\/uploads\/2017\/09\/11-Guillermo-Kuitca-Diarios.jpg\" alt=\"\" width=\"214\" height=\"129\" \/>Tafelkleed met droedels<br \/>\n<\/strong>In zijn serie <em>Diarios<\/em> heeft Kuitca schildersdoeken voor onbepaalde tijd over een ronde tafel gehangen als een tafelkleed. Het atelierleven van alle dag dwarrelde een tijdlang om en over het <em>schilderskleed<\/em> heen. Door het linnen lange tijd praktisch, maar\u00a0respectloos, te gebruiken ontstond een toevalscompositie die met aantekeningen, telefoonnummers, emailadressen, titels voor schilderijen, gedachteloos getekende droedels en opgedroogde gemorste vlekken gevuld was. De opgespannen doeken werden daarna gepresenteerd als een zonnestelsel van cirkelvormige dagboeken. Die serie vult de <em>landkaartmatrassen<\/em> zo mooi aan, omdat ze in de geest van het eerdere werk tot stand is gekomen, maar ze geeft tevens een inkijkje in Kuitca\u2019s dagelijkse beslommeringen. We komen in de buurt van de maker.<\/p>\n<p><strong><img loading=\"lazy\" decoding=\"async\" class=\"wp-image-1369 alignleft\" src=\"http:\/\/ronaldruseler.nl\/wp-tekst\/wp-content\/uploads\/2017\/09\/9-kuitca-diario-14-march-20-july-2006-72.jpg\" alt=\"\" width=\"213\" height=\"148\" \/>Een mengsel van uitgangsposities.<br \/>\n<\/strong>Omdat de voorstellingen in de composities steeds vanuit de blik van de beschouwer geschilderd zijn (bij de <em>Diariosserie<\/em> kijken wij ook boven op de doeken) worden wij toeschouwers bij een proces waar toeval en opzet, schildersavontuur en reflectie elkaar vinden. Wij kijken als het ware door de ogen van de maker mee. De <em>objectiviteit <\/em>van het object: een bed, matras, een kamer, een theaterplattegrond wordt gevuld met de <em>subjectiviteit <\/em>van onze eigen ervaringen. Met die visuele informatie kunnen wij het verhaal vol mysteries en verborgen emoties over het leven, het bestaan en de dood zelf afronden.<br \/>\nDit mengsel van elkaar overlappende uitgangsposities ( die van zowel de maker als de kijker) verschaft ons toegang tot het universum van Guillermo Kuitca.<\/p>\n<p>Ronald Ruseler, juni 2017.<\/p>\n<p>Literatuur:<br \/>\n<span style=\"font-size: 1rem;\">Guillermo Kuitca \u2013 Burning Beds \/ A survey 1982 \u2013 1994, Contemporary Art Foundation 1994<br \/>\n<\/span><span style=\"font-size: 1rem;\">Diarios | Eli and Edythe Broad Art Museum at Michigan State University.\u00a0<\/span><span style=\"font-size: 1rem;\">Opening-day Artist Talk: Guillermo Kuitca &#8211; Walker Art Center (You Tube)<\/span><\/p>\n<p><img loading=\"lazy\" decoding=\"async\" class=\"alignnone size-full wp-image-1373\" src=\"http:\/\/ronaldruseler.nl\/wp-tekst\/wp-content\/uploads\/2017\/09\/Palet-aug-sept.jpg\" alt=\"\" width=\"700\" height=\"453\" srcset=\"http:\/\/ronaldruseler.nl\/wp-tekst\/wp-content\/uploads\/2017\/09\/Palet-aug-sept.jpg 700w, http:\/\/ronaldruseler.nl\/wp-tekst\/wp-content\/uploads\/2017\/09\/Palet-aug-sept-300x194.jpg 300w, http:\/\/ronaldruseler.nl\/wp-tekst\/wp-content\/uploads\/2017\/09\/Palet-aug-sept-624x404.jpg 624w\" sizes=\"auto, (max-width: 700px) 100vw, 700px\" \/><\/p>\n<p>&nbsp;<\/p>\n<p>&nbsp;<\/p>\n","protected":false},"excerpt":{"rendered":"<p>Samenvallende tegenstellingen &#8211; over de kunst van Guillermo Kuitca Guillermo Kuitca (1961 &#8211; Buenos Aires) is in de jaren negentig van de vorige eeuw bekend geworden met zijn schilderijen over plattegronden van gebouwen, gesloten ruimtes, cellen en beschilderde matrassen. Op die matrassen heeft hij landkaarten geschilderd met de knopen als steden. Door de verf en de hardhandige behandeling zijn ze&#8230; <a href=\"http:\/\/ronaldruseler.nl\/wp-tekst\/samenvallende-tegenstellingen-over-de-kunst-van-guillermo-kuitca\/\">Read more &raquo;<\/a><\/p>\n","protected":false},"author":1,"featured_media":0,"parent":0,"menu_order":0,"comment_status":"closed","ping_status":"closed","template":"","meta":{"footnotes":""},"class_list":["post-1356","page","type-page","status-publish","hentry"],"_links":{"self":[{"href":"http:\/\/ronaldruseler.nl\/wp-tekst\/wp-json\/wp\/v2\/pages\/1356","targetHints":{"allow":["GET"]}}],"collection":[{"href":"http:\/\/ronaldruseler.nl\/wp-tekst\/wp-json\/wp\/v2\/pages"}],"about":[{"href":"http:\/\/ronaldruseler.nl\/wp-tekst\/wp-json\/wp\/v2\/types\/page"}],"author":[{"embeddable":true,"href":"http:\/\/ronaldruseler.nl\/wp-tekst\/wp-json\/wp\/v2\/users\/1"}],"replies":[{"embeddable":true,"href":"http:\/\/ronaldruseler.nl\/wp-tekst\/wp-json\/wp\/v2\/comments?post=1356"}],"version-history":[{"count":10,"href":"http:\/\/ronaldruseler.nl\/wp-tekst\/wp-json\/wp\/v2\/pages\/1356\/revisions"}],"predecessor-version":[{"id":1597,"href":"http:\/\/ronaldruseler.nl\/wp-tekst\/wp-json\/wp\/v2\/pages\/1356\/revisions\/1597"}],"wp:attachment":[{"href":"http:\/\/ronaldruseler.nl\/wp-tekst\/wp-json\/wp\/v2\/media?parent=1356"}],"curies":[{"name":"wp","href":"https:\/\/api.w.org\/{rel}","templated":true}]}}