{"id":1484,"date":"2018-01-06T14:12:22","date_gmt":"2018-01-06T14:12:22","guid":{"rendered":"http:\/\/ronaldruseler.nl\/wp-tekst\/?page_id=1484"},"modified":"2026-04-05T08:21:59","modified_gmt":"2026-04-05T08:21:59","slug":"gabriel-garcia-marquez-honderd-jaar-eenzaamheid","status":"publish","type":"page","link":"http:\/\/ronaldruseler.nl\/wp-tekst\/gabriel-garcia-marquez-honderd-jaar-eenzaamheid\/","title":{"rendered":"Honderd jaar eenzaamheid &#8211; Gabriel Garcia M\u00e1rquez"},"content":{"rendered":"<div class=\"wp-block-image\">\n<figure class=\"alignleft\"><img loading=\"lazy\" decoding=\"async\" width=\"496\" height=\"800\" src=\"http:\/\/ronaldruseler.nl\/wp-tekst\/wp-content\/uploads\/2018\/01\/a5853fd3ac49ced9fcff15a3d3cc9d03191ecbe2.jpg\" alt=\"\" class=\"wp-image-1496\" srcset=\"http:\/\/ronaldruseler.nl\/wp-tekst\/wp-content\/uploads\/2018\/01\/a5853fd3ac49ced9fcff15a3d3cc9d03191ecbe2.jpg 496w, http:\/\/ronaldruseler.nl\/wp-tekst\/wp-content\/uploads\/2018\/01\/a5853fd3ac49ced9fcff15a3d3cc9d03191ecbe2-186x300.jpg 186w\" sizes=\"auto, (max-width: 496px) 100vw, 496px\" \/><\/figure><\/div>\n\n\n<p><\/p>\n\n\n\n<p>&#8220;Vele jaren later, staande voor het vuurpeloton, moest kolonel Aureliano Buend\u00eda denken aan die lang vervlogen middag, toen zijn vader hem meenam om kennis te maken met het ijs.&#8221;<\/p>\n\n\n\n<p>&#8220;Muchos a\u00f1os despu\u00e9s, frente al pelot\u00f3n de fusilamiento, el coronel Aureliano Buend\u00eda hab\u00eda de recordar aquella tarde remota en que su padre lo llev\u00f3 a conocer el hielo.&#8221;<\/p>\n\n\n\n<p>&#8211; Honderd jaar eenzaamheid, 1972,<br>\n&#8211; Cien a\u00f1os de soledad, 1967<\/p>\n\n\n\n<p>Het oeuvre van M\u00e1rquez is een fictief en doorlopend verhaal dat tevens echt is en daardoor werkelijkheid wordt. Alle verhaallijnen, romanfiguren en onderwerpen verwijzen naar elkaar. Soms op de voorgrond, soms als een verwijzing die onnadrukkelijk even voorbij komt. Die structuur is voor mij altijd een inspiratiebron gebleven.<\/p>\n\n\n\n<p>Het schilderij op deze omslag is van de Braziliaanse kunstenares Tarsila do Amaral en hangt in het MALBA (Museo de Arte Latinoamericano de Buenos Aires) te Buenos Aires. Samen met Frida Kahlo ontleent zij haar onderwerpen aan de volkskunst.<\/p>\n\n\n\n<p>Gabriel Garc\u00eda M\u00e1rquez (1927 \u2013 2014)<\/p>\n\n\n\n<figure class=\"wp-block-image\"><img loading=\"lazy\" decoding=\"async\" width=\"1000\" height=\"750\" src=\"http:\/\/ronaldruseler.nl\/wp-tekst\/wp-content\/uploads\/2018\/01\/110-j.jpg\" alt=\"\" class=\"wp-image-1491\" srcset=\"http:\/\/ronaldruseler.nl\/wp-tekst\/wp-content\/uploads\/2018\/01\/110-j.jpg 1000w, http:\/\/ronaldruseler.nl\/wp-tekst\/wp-content\/uploads\/2018\/01\/110-j-300x225.jpg 300w, http:\/\/ronaldruseler.nl\/wp-tekst\/wp-content\/uploads\/2018\/01\/110-j-768x576.jpg 768w, http:\/\/ronaldruseler.nl\/wp-tekst\/wp-content\/uploads\/2018\/01\/110-j-624x468.jpg 624w\" sizes=\"auto, (max-width: 1000px) 100vw, 1000px\" \/><\/figure>\n\n\n\n<p><\/p>\n","protected":false},"excerpt":{"rendered":"<p>&#8220;Vele jaren later, staande voor het vuurpeloton, moest kolonel Aureliano Buend\u00eda denken aan die lang vervlogen middag, toen zijn vader hem meenam om kennis te maken met het ijs.&#8221; &#8220;Muchos a\u00f1os despu\u00e9s, frente al pelot\u00f3n de fusilamiento, el coronel Aureliano Buend\u00eda hab\u00eda de recordar aquella tarde remota en que su padre lo llev\u00f3 a conocer el hielo.&#8221; &#8211; Honderd jaar&#8230; <a href=\"http:\/\/ronaldruseler.nl\/wp-tekst\/gabriel-garcia-marquez-honderd-jaar-eenzaamheid\/\">Read more &raquo;<\/a><\/p>\n","protected":false},"author":1,"featured_media":0,"parent":0,"menu_order":0,"comment_status":"closed","ping_status":"closed","template":"","meta":{"footnotes":""},"class_list":["post-1484","page","type-page","status-publish","hentry"],"_links":{"self":[{"href":"http:\/\/ronaldruseler.nl\/wp-tekst\/wp-json\/wp\/v2\/pages\/1484","targetHints":{"allow":["GET"]}}],"collection":[{"href":"http:\/\/ronaldruseler.nl\/wp-tekst\/wp-json\/wp\/v2\/pages"}],"about":[{"href":"http:\/\/ronaldruseler.nl\/wp-tekst\/wp-json\/wp\/v2\/types\/page"}],"author":[{"embeddable":true,"href":"http:\/\/ronaldruseler.nl\/wp-tekst\/wp-json\/wp\/v2\/users\/1"}],"replies":[{"embeddable":true,"href":"http:\/\/ronaldruseler.nl\/wp-tekst\/wp-json\/wp\/v2\/comments?post=1484"}],"version-history":[{"count":11,"href":"http:\/\/ronaldruseler.nl\/wp-tekst\/wp-json\/wp\/v2\/pages\/1484\/revisions"}],"predecessor-version":[{"id":8636,"href":"http:\/\/ronaldruseler.nl\/wp-tekst\/wp-json\/wp\/v2\/pages\/1484\/revisions\/8636"}],"wp:attachment":[{"href":"http:\/\/ronaldruseler.nl\/wp-tekst\/wp-json\/wp\/v2\/media?parent=1484"}],"curies":[{"name":"wp","href":"https:\/\/api.w.org\/{rel}","templated":true}]}}