{"id":5133,"date":"2023-10-25T06:42:03","date_gmt":"2023-10-25T06:42:03","guid":{"rendered":"http:\/\/ronaldruseler.nl\/wp-tekst\/?page_id=5133"},"modified":"2023-12-23T04:32:53","modified_gmt":"2023-12-23T04:32:53","slug":"hans-bouman-nederlander-in-frankrijk-frans-in-zijn-kunst","status":"publish","type":"page","link":"http:\/\/ronaldruseler.nl\/wp-tekst\/hans-bouman-nederlander-in-frankrijk-frans-in-zijn-kunst\/","title":{"rendered":"Hans Bouman &#8211; Nederlander in Frankrijk, Frans in zijn kunst"},"content":{"rendered":"\n<p>(Aanhef en citaat uit zijn boek Chemins de traverse &#8211; blz 142.)<br><strong>Amis depuis l&#8217;adolescence, Hans et Ronald deviennent beaux-fr\u00e8res et se consacrent \u00e0 l&#8217;art. Ils visitent tous les mus\u00e9es de l&#8217;Europe, m\u00eame au-del\u00e0 de rideau de fer. Depuis la celebre Documenta 7 \u00e0 Kassel en Allemagne organis\u00e9e par Rudi Fuchs, le tr\u00e8s jeune directeur du Van Abbemuseum d&#8217;Eindhoven, ils n&#8217;en manguent aucune, ni aucune Biennale de Venise. En plus de sa practique artistique, Ruseler a r\u00e9alis\u00e9 des entretiens pour Area Revue, et progressivement d\u00e9velopp\u00e9 une practique de critique d&#8217;art.<\/strong> <strong>Le 31 d\u00e9cembre 2022, Ronald Ruseler \u00e9crit un article intitul\u00e9\u00a0N\u00e9erlandais en France, Fran\u00e7ais dans son art\u00a0qui exprime sa vision du travail de Hans<\/strong>.<\/p>\n\n\n\n<p>Hans Bouman is in 1980 naar Parijs ge\u00ebmigreerd vanuit Amsterdam, nadat hij zijn vrouw Fr\u00e9d\u00e9rique in Frankrijk had leren kennen. Daar heeft hij een bloeiende kunstpraktijk opgebouwd en dat is een prestatie, want het is razend moeilijk om in die stad als nieuwkomer een voet aan de grond te krijgen. Frankrijk kent geen ondersteunend subsidiesysteem voor kunst en kunstenaars zoals in Nederland, dus moet je van de grond af aan alles op eigen kracht en zonder rugdekking voor elkaar zien te krijgen. In 1986 ontving hij de prijs voor schilderkunst op de 31e Salon de Montrouge en die opende deuren voor de rest van zijn carri\u00e8re.&nbsp;<br><br>Hij bracht in 1980 niet alleen zijn huisraad over naar Parijs, maar hij verhuisde ook zijn Nederlandse achtergrond en culturele bagage.&nbsp;<br>In gesprekken met Hans is vaak ter sprake gekomen waarom voor ons in Nederland, zijn werk zo&nbsp;<em>Frans<\/em>&nbsp;is geworden. Het zijn niet de onderwerpen, want die zijn universeel, het zijn ook niet de kleuren want die zijn dat ook. Wat is het dan wel?&nbsp;<br>Zijn vroege werk kenmerkte zich aanvankelijk door donker kleurgebruik, donkere toonzettingen die wij kennen uit de Hollandse schildertraditie van de 17<sup>e<\/sup>&nbsp;Eeuw, met name die van Frans Hals, de schilder uit zijn geboortestad Haarlem. Toch is het resultaat van zijn schilderkunst anders. Niet vertellend, maar inhoudelijk, ook als zijn kleuren later lichter en helderder worden. De doeken zijn steevast levendig geschilderd. Er doemen meestal&nbsp;<em>koppen<\/em>&nbsp;op, of delen van een figuur. Die koppen zijn geen portretten, maar het resultaat van een stollingsproces. Een opgeroepen gevoelswereld.<\/p>\n\n\n\n<p>Karel Appel, ook een schilder die zijn schilderkunst uitvond in Parijs, zei in de film van Jan Vrijman,&nbsp;<em>De werkelijkheid van Karel Appel<\/em>&nbsp;(1962): &#8216;Ik begin vanuit mijn materie, dat is verf&#8217;. Appel trad daarmee in de voetsporen van Vincent van Gogh, die eerder het bekrompen en saaie Nederland verlaten had voor Frankrijk. Hoewel van Gogh uitging van de weergave van de werkelijkheid ontwikkelde zijn kunst zich vooral tot een materi\u00eble conclusie over het samenvloeien van verf, kleur en emotie. Ook Hans laat zijn schilderijen ontstaan vanuit de verf om uiteindelijk tot een voorstelling te komen die door emotie is aangeraakt. Die indirecte opeenvolging in het scheppingsproces kom je in Nederland niet zoveel tegen. Ik denk dat d\u00e1\u00e1r de verklaring gevonden kan worden waarom zijn kunst&nbsp;<em>niet-Nederlands&nbsp;<\/em>meer is. Als het in zijn geval, all\u00e9\u00e9n bij een voorstelling bleef zou dat de inhoud in de weg staan.&nbsp;<\/p>\n\n\n\n<p><sub>Haarlem, 2023<br>geschreven voor het boek <br>Hans Bouman \u2013 Chemins de traverse 2023<br>Area Art &amp; Editions \u2013 Paris<br>Un livre de Alin Avila<\/sub><\/p>\n\n\n\n<p><sub>Bronnen:<br>&#8211; De werkelijkheid van Karel Appel (1962) &#8211; Jan Vrijman:<\/sub> <\/p>\n\n\n\n<figure class=\"wp-block-image size-large is-resized\"><img loading=\"lazy\" decoding=\"async\" src=\"http:\/\/ronaldruseler.nl\/wp-tekst\/wp-content\/uploads\/2023\/10\/Bouman-sitecouv-800x1044-1-785x1024.jpeg\" alt=\"\" class=\"wp-image-5134\" width=\"363\" height=\"474\" srcset=\"http:\/\/ronaldruseler.nl\/wp-tekst\/wp-content\/uploads\/2023\/10\/Bouman-sitecouv-800x1044-1-785x1024.jpeg 785w, http:\/\/ronaldruseler.nl\/wp-tekst\/wp-content\/uploads\/2023\/10\/Bouman-sitecouv-800x1044-1-230x300.jpeg 230w, http:\/\/ronaldruseler.nl\/wp-tekst\/wp-content\/uploads\/2023\/10\/Bouman-sitecouv-800x1044-1-768x1002.jpeg 768w, http:\/\/ronaldruseler.nl\/wp-tekst\/wp-content\/uploads\/2023\/10\/Bouman-sitecouv-800x1044-1-624x814.jpeg 624w, http:\/\/ronaldruseler.nl\/wp-tekst\/wp-content\/uploads\/2023\/10\/Bouman-sitecouv-800x1044-1.jpeg 800w\" sizes=\"auto, (max-width: 363px) 100vw, 363px\" \/><\/figure>\n\n\n\n<p><\/p>\n\n\n\n<p><sub>Onderstaande werken bevinden zich in de Archipel Kunstcollectie &#8211; Haarlem<\/sub><\/p>\n\n\n\n<figure class=\"wp-block-image size-large is-resized\"><img loading=\"lazy\" decoding=\"async\" src=\"http:\/\/ronaldruseler.nl\/wp-tekst\/wp-content\/uploads\/2023\/10\/Bouman-hans-multiple-2-761x1024.jpg\" alt=\"\" class=\"wp-image-5170\" width=\"364\" height=\"489\" srcset=\"http:\/\/ronaldruseler.nl\/wp-tekst\/wp-content\/uploads\/2023\/10\/Bouman-hans-multiple-2-761x1024.jpg 761w, http:\/\/ronaldruseler.nl\/wp-tekst\/wp-content\/uploads\/2023\/10\/Bouman-hans-multiple-2-223x300.jpg 223w, http:\/\/ronaldruseler.nl\/wp-tekst\/wp-content\/uploads\/2023\/10\/Bouman-hans-multiple-2-768x1033.jpg 768w, http:\/\/ronaldruseler.nl\/wp-tekst\/wp-content\/uploads\/2023\/10\/Bouman-hans-multiple-2-624x840.jpg 624w, http:\/\/ronaldruseler.nl\/wp-tekst\/wp-content\/uploads\/2023\/10\/Bouman-hans-multiple-2.jpg 776w\" sizes=\"auto, (max-width: 364px) 100vw, 364px\" \/><\/figure>\n\n\n\n<p><\/p>\n\n\n\n<figure class=\"wp-block-image size-full is-resized\"><img loading=\"lazy\" decoding=\"async\" src=\"http:\/\/ronaldruseler.nl\/wp-tekst\/wp-content\/uploads\/2023\/10\/bouman-h1.jpg\" alt=\"\" class=\"wp-image-5150\" width=\"377\" height=\"378\" srcset=\"http:\/\/ronaldruseler.nl\/wp-tekst\/wp-content\/uploads\/2023\/10\/bouman-h1.jpg 673w, http:\/\/ronaldruseler.nl\/wp-tekst\/wp-content\/uploads\/2023\/10\/bouman-h1-300x300.jpg 300w, http:\/\/ronaldruseler.nl\/wp-tekst\/wp-content\/uploads\/2023\/10\/bouman-h1-150x150.jpg 150w, http:\/\/ronaldruseler.nl\/wp-tekst\/wp-content\/uploads\/2023\/10\/bouman-h1-624x626.jpg 624w, http:\/\/ronaldruseler.nl\/wp-tekst\/wp-content\/uploads\/2023\/10\/bouman-h1-176x176.jpg 176w, http:\/\/ronaldruseler.nl\/wp-tekst\/wp-content\/uploads\/2023\/10\/bouman-h1-60x60.jpg 60w\" sizes=\"auto, (max-width: 377px) 100vw, 377px\" \/><\/figure>\n\n\n\n<p><\/p>\n\n\n\n<figure class=\"wp-block-image size-full is-resized\"><img loading=\"lazy\" decoding=\"async\" src=\"http:\/\/ronaldruseler.nl\/wp-tekst\/wp-content\/uploads\/2023\/10\/bouman-h2.jpg\" alt=\"\" class=\"wp-image-5151\" width=\"376\" height=\"456\" srcset=\"http:\/\/ronaldruseler.nl\/wp-tekst\/wp-content\/uploads\/2023\/10\/bouman-h2.jpg 556w, http:\/\/ronaldruseler.nl\/wp-tekst\/wp-content\/uploads\/2023\/10\/bouman-h2-247x300.jpg 247w\" sizes=\"auto, (max-width: 376px) 100vw, 376px\" \/><\/figure>\n\n\n\n<p><\/p>\n\n\n\n<figure class=\"wp-block-image size-large is-resized\"><img loading=\"lazy\" decoding=\"async\" src=\"http:\/\/ronaldruseler.nl\/wp-tekst\/wp-content\/uploads\/2023\/10\/Bouman-Hans-zt-2014-A4_-718x1024.jpg\" alt=\"\" class=\"wp-image-5154\" width=\"374\" height=\"534\" srcset=\"http:\/\/ronaldruseler.nl\/wp-tekst\/wp-content\/uploads\/2023\/10\/Bouman-Hans-zt-2014-A4_-718x1024.jpg 718w, http:\/\/ronaldruseler.nl\/wp-tekst\/wp-content\/uploads\/2023\/10\/Bouman-Hans-zt-2014-A4_-210x300.jpg 210w, http:\/\/ronaldruseler.nl\/wp-tekst\/wp-content\/uploads\/2023\/10\/Bouman-Hans-zt-2014-A4_-768x1096.jpg 768w, http:\/\/ronaldruseler.nl\/wp-tekst\/wp-content\/uploads\/2023\/10\/Bouman-Hans-zt-2014-A4_-624x890.jpg 624w, http:\/\/ronaldruseler.nl\/wp-tekst\/wp-content\/uploads\/2023\/10\/Bouman-Hans-zt-2014-A4_.jpg 1024w\" sizes=\"auto, (max-width: 374px) 100vw, 374px\" \/><\/figure>\n\n\n\n<p><\/p>\n\n\n\n<figure class=\"wp-block-image size-full is-resized\"><img loading=\"lazy\" decoding=\"async\" src=\"http:\/\/ronaldruseler.nl\/wp-tekst\/wp-content\/uploads\/2023\/10\/bouman-h3.jpg\" alt=\"\" class=\"wp-image-5156\" width=\"376\" height=\"167\" srcset=\"http:\/\/ronaldruseler.nl\/wp-tekst\/wp-content\/uploads\/2023\/10\/bouman-h3.jpg 675w, http:\/\/ronaldruseler.nl\/wp-tekst\/wp-content\/uploads\/2023\/10\/bouman-h3-300x133.jpg 300w, http:\/\/ronaldruseler.nl\/wp-tekst\/wp-content\/uploads\/2023\/10\/bouman-h3-624x277.jpg 624w\" sizes=\"auto, (max-width: 376px) 100vw, 376px\" \/><\/figure>\n\n\n\n<p><\/p>\n\n\n\n<figure class=\"wp-block-image size-full is-resized\"><img loading=\"lazy\" decoding=\"async\" src=\"http:\/\/ronaldruseler.nl\/wp-tekst\/wp-content\/uploads\/2023\/10\/Bouman-kop.jpg\" alt=\"\" class=\"wp-image-5158\" width=\"379\" height=\"526\" srcset=\"http:\/\/ronaldruseler.nl\/wp-tekst\/wp-content\/uploads\/2023\/10\/Bouman-kop.jpg 487w, http:\/\/ronaldruseler.nl\/wp-tekst\/wp-content\/uploads\/2023\/10\/Bouman-kop-216x300.jpg 216w\" sizes=\"auto, (max-width: 379px) 100vw, 379px\" \/><\/figure>\n\n\n\n<p><\/p>\n\n\n\n<figure class=\"wp-block-image size-full is-resized\"><img loading=\"lazy\" decoding=\"async\" src=\"http:\/\/ronaldruseler.nl\/wp-tekst\/wp-content\/uploads\/2023\/10\/bouman-h4.jpg\" alt=\"\" class=\"wp-image-5159\" width=\"384\" height=\"158\" srcset=\"http:\/\/ronaldruseler.nl\/wp-tekst\/wp-content\/uploads\/2023\/10\/bouman-h4.jpg 675w, http:\/\/ronaldruseler.nl\/wp-tekst\/wp-content\/uploads\/2023\/10\/bouman-h4-300x124.jpg 300w, http:\/\/ronaldruseler.nl\/wp-tekst\/wp-content\/uploads\/2023\/10\/bouman-h4-624x257.jpg 624w\" sizes=\"auto, (max-width: 384px) 100vw, 384px\" \/><\/figure>\n\n\n\n<p><\/p>\n\n\n\n<figure class=\"wp-block-image size-full is-resized\"><img loading=\"lazy\" decoding=\"async\" src=\"http:\/\/ronaldruseler.nl\/wp-tekst\/wp-content\/uploads\/2023\/10\/Bouman-kop85.jpg\" alt=\"\" class=\"wp-image-5160\" width=\"383\" height=\"507\" srcset=\"http:\/\/ronaldruseler.nl\/wp-tekst\/wp-content\/uploads\/2023\/10\/Bouman-kop85.jpg 510w, http:\/\/ronaldruseler.nl\/wp-tekst\/wp-content\/uploads\/2023\/10\/Bouman-kop85-227x300.jpg 227w\" sizes=\"auto, (max-width: 383px) 100vw, 383px\" \/><\/figure>\n","protected":false},"excerpt":{"rendered":"<p>(Aanhef en citaat uit zijn boek Chemins de traverse &#8211; blz 142.)Amis depuis l&#8217;adolescence, Hans et Ronald deviennent beaux-fr\u00e8res et se consacrent \u00e0 l&#8217;art. Ils visitent tous les mus\u00e9es de l&#8217;Europe, m\u00eame au-del\u00e0 de rideau de fer. Depuis la celebre Documenta 7 \u00e0 Kassel en Allemagne organis\u00e9e par Rudi Fuchs, le tr\u00e8s jeune directeur du Van Abbemuseum d&#8217;Eindhoven, ils n&#8217;en&#8230; <a href=\"http:\/\/ronaldruseler.nl\/wp-tekst\/hans-bouman-nederlander-in-frankrijk-frans-in-zijn-kunst\/\">Read more &raquo;<\/a><\/p>\n","protected":false},"author":1,"featured_media":0,"parent":0,"menu_order":0,"comment_status":"closed","ping_status":"closed","template":"","meta":{"footnotes":""},"class_list":["post-5133","page","type-page","status-publish","hentry"],"_links":{"self":[{"href":"http:\/\/ronaldruseler.nl\/wp-tekst\/wp-json\/wp\/v2\/pages\/5133","targetHints":{"allow":["GET"]}}],"collection":[{"href":"http:\/\/ronaldruseler.nl\/wp-tekst\/wp-json\/wp\/v2\/pages"}],"about":[{"href":"http:\/\/ronaldruseler.nl\/wp-tekst\/wp-json\/wp\/v2\/types\/page"}],"author":[{"embeddable":true,"href":"http:\/\/ronaldruseler.nl\/wp-tekst\/wp-json\/wp\/v2\/users\/1"}],"replies":[{"embeddable":true,"href":"http:\/\/ronaldruseler.nl\/wp-tekst\/wp-json\/wp\/v2\/comments?post=5133"}],"version-history":[{"count":17,"href":"http:\/\/ronaldruseler.nl\/wp-tekst\/wp-json\/wp\/v2\/pages\/5133\/revisions"}],"predecessor-version":[{"id":5419,"href":"http:\/\/ronaldruseler.nl\/wp-tekst\/wp-json\/wp\/v2\/pages\/5133\/revisions\/5419"}],"wp:attachment":[{"href":"http:\/\/ronaldruseler.nl\/wp-tekst\/wp-json\/wp\/v2\/media?parent=5133"}],"curies":[{"name":"wp","href":"https:\/\/api.w.org\/{rel}","templated":true}]}}