{"id":755,"date":"2016-06-03T16:35:19","date_gmt":"2016-06-03T16:35:19","guid":{"rendered":"http:\/\/ronaldruseler.nl\/wp-tekst\/?page_id=755"},"modified":"2023-12-02T20:49:45","modified_gmt":"2023-12-02T20:49:45","slug":"reiskoorts-mexico-1984","status":"publish","type":"page","link":"http:\/\/ronaldruseler.nl\/wp-tekst\/reiskoorts-mexico-1984\/","title":{"rendered":"Reiskoorts: Mexico 1984"},"content":{"rendered":"\n<p><\/p>\n\n\n\n<figure class=\"wp-block-image size-large\"><img loading=\"lazy\" decoding=\"async\" width=\"567\" height=\"425\" src=\"http:\/\/ronaldruseler.nl\/wp-tekst\/wp-content\/uploads\/2020\/04\/Brigada-Ramona-Parra-6-2016.jpg\" alt=\"\" class=\"wp-image-2766\" srcset=\"http:\/\/ronaldruseler.nl\/wp-tekst\/wp-content\/uploads\/2020\/04\/Brigada-Ramona-Parra-6-2016.jpg 567w, http:\/\/ronaldruseler.nl\/wp-tekst\/wp-content\/uploads\/2020\/04\/Brigada-Ramona-Parra-6-2016-300x225.jpg 300w\" sizes=\"auto, (max-width: 567px) 100vw, 567px\" \/><\/figure>\n\n\n\n<p style=\"font-size:10px\"><em>Doelenplein, Haarlem<\/em><\/p>\n\n\n\n<p><strong>Een drietal schrijvers hebben mij als Sirenen naar het Latijns-Amerikaanse continent gelokt. In mijn studententijd las ik \u2018Onder de Vulkaan\u2019 van Malcolm Lowry. Het verhaal beschrijft de laatste vierentwintig uur uit het leven van een alcoholistische Britse consul in de Mexicaanse stad Quauhnahuac (in werkelijkheid Cuernavaca).<\/strong><\/p>\n\n\n\n<p>Tegelijkertijd raakte ik verslingerd aan de fel realistische, spannende avonturenromans van Ben Traven. Zijn boeken zijn in de dertiger jaren van de vorige eeuw in het Duits gepubliceerd en gaan over de opstand die leidde tot de Mexicaanse Revolutie van 1910. Ben Traven is het pseudoniem van een mysterieuze auteur die het kommervolle slavenbestaan en het armoedige leven van de bewoners in de Chiapas in kaart bracht.<br>Het magisch-realistische meesterwerk \u2018Honderd jaar eenzaamheid\u2019 van Gabriel Garc\u00eda M\u00e1rquez was het derde boek. M\u00e1rquez bracht een verleidelijke exotische wereld tot leven die mij aanspoorde in 1984 voor de eerste keer naar Mexico af te reizen.<\/p>\n\n\n\n<figure class=\"wp-block-image size-large\"><img loading=\"lazy\" decoding=\"async\" width=\"567\" height=\"394\" src=\"http:\/\/ronaldruseler.nl\/wp-tekst\/wp-content\/uploads\/2020\/04\/Palet-juni-juli-A72-1.jpg\" alt=\"\" class=\"wp-image-2757\" srcset=\"http:\/\/ronaldruseler.nl\/wp-tekst\/wp-content\/uploads\/2020\/04\/Palet-juni-juli-A72-1.jpg 567w, http:\/\/ronaldruseler.nl\/wp-tekst\/wp-content\/uploads\/2020\/04\/Palet-juni-juli-A72-1-300x208.jpg 300w\" sizes=\"auto, (max-width: 567px) 100vw, 567px\" \/><\/figure>\n\n\n\n<p><\/p>\n\n\n\n<p><strong>Zweepslag<\/strong><br>Natuurlijk bezocht ik in afgelegen gebieden de oude Maya- en Aztekensteden, maar al snel raakte ik door iets anders gefascineerd en daardoor kreeg mijn reis gaandeweg een rode draad. Mexico werd voor mij het land waar de moderne geschiedenis, de verdwenen indianenculturen en het alledaagse leven moeiteloos in elkaar overgingen. Ik leerde daar het werk van Diego Rivera en dat van zijn vrouw Frida Kahlo kennen. Hun kunst trof mij als een zweepslag. Rivera en Kahlo waren marxisten en in hun werk zijn de sociale en culturele tegenstellingen steeds terugkerende motieven. Rivera ontwikkelde zich tot \u2018muralist\u2019 en legde zich toe op monumentale voorstellingen waarin de fabels over de oorsprong en de zuiverheid van het indianenvolk werden verbeeld. De vrouw representeerde bij hem de natuur en de man was het sociale wezen dat bouwde aan een Nieuwe Tijd. Kahlo stelde in haar werk haar persoonlijke leven centraal en dat was niet zonder lichamelijke en psychische kwellingen. Vanwege een tramongeluk, waarbij zij als jong meisje zwaar verminkt raakte, moest zij vaak het bed houden. Haar onderwerpen zijn daardoor dubbelzinnig, tragisch en balanceren op het smalle koord tussen verzet en verzoening.<\/p>\n\n\n\n<p><strong>Eigen geschiedenis<\/strong><br>In navolging van de Europese kerkelijke kunst is in Latijns-Amerika de traditie ontstaan om via muurschilderingen de arme ongeletterden een boodschap mee te geven. In Mexico stonden Diego Rivera, Jos\u00e9 Orozco en Rufino Tamayo aan de bron van deze moderne herinterpretatie. Zij namen de iconografie over van de vertrouwde rooms-katholieke symboliek, maar waren antiklerikaal. Wat mij trof was hun ideaal om het Mexicaanse volk bewust te maken van hun eigen geschiedenis, de koloniale uitbuiting en de onderdrukking door de heersende klasse. Staande voor deze muurschilderingen van Rivera voelde ik mij de middeleeuwse pelgrim, die in Itali\u00eb voor het eerst geconfronteerd werd met Giotto\u2019s schilderkunst in de Scrovegnikapel van Padua of in de basiliek van Assisi.<\/p>\n\n\n\n<figure class=\"wp-block-image size-large\"><img loading=\"lazy\" decoding=\"async\" width=\"567\" height=\"390\" src=\"http:\/\/ronaldruseler.nl\/wp-tekst\/wp-content\/uploads\/2020\/04\/Palet-juni-juli-B72.jpg\" alt=\"\" class=\"wp-image-2758\" srcset=\"http:\/\/ronaldruseler.nl\/wp-tekst\/wp-content\/uploads\/2020\/04\/Palet-juni-juli-B72.jpg 567w, http:\/\/ronaldruseler.nl\/wp-tekst\/wp-content\/uploads\/2020\/04\/Palet-juni-juli-B72-300x206.jpg 300w\" sizes=\"auto, (max-width: 567px) 100vw, 567px\" \/><\/figure>\n\n\n\n<p><\/p>\n\n\n\n<p><strong>Schoonheid en verval<\/strong><br>In Mexico-Stad bevindt zich de Chapingokapel. Op de achterwand zien we \u2018Bevrijde Aarde\u2019: een liggende, naakte vrouw in een pose die wij kennen van Titiaans \u2018Venus van Urbino\u2019 of de \u2018Olympia\u2019 van Manet, alleen is zij niet loom en verleidelijk, maar actief en inspirerend. Zij symboliseert de vruchtbaarheid en natuurlijke overvloed. Een kleinere, naakte man vertegenwoordigt de aardse maatschappelijke krachten. Hier wordt de herboren, nieuwe mens voorspeld in een traditionele en herkenbare stijl. Wat mij trof op mijn reis in Mexico, nadat ik kennis had gemaakt met het werk van de muralisten, was dat de essentie van hun voorstellingen in het dagelijks leven zichtbaar was. Ik ervoer de tegenstelling tussen schoonheid en verval, rijkdom en armoede en de strijd die de Mexicanen leverden voor het dagelijks bestaan.<\/p>\n\n\n\n<p><strong>Kleurrijke mensen<\/strong><br>De overwoekerde Mayaru\u00efnes en de krachten van de natuur bracht ik in verband met de verhalen van Traven en in de Chiapas ontmoette ik de kleurrijke mensen uit de romans van Marques. Zij leefden nog traditioneel en het katholicisme vermengden zij moeiteloos met hun eigen tribale riten. De beroemde wandschildering van Rivera uit de roman van Malcolm Lowry kon je in het Palacio de Cort\u00e9s van Cuernavaca bekijken. In veel musea zag ik oude, verweerde koloniale kunst. Het harde, tropische klimaat had hun uiterlijk na al die jaren behoorlijk aangetast. Daardoor kreeg zij voor mij een andere schoonheid en een nieuwe betekenis.<\/p>\n\n\n\n<figure class=\"wp-block-image size-large\"><img loading=\"lazy\" decoding=\"async\" width=\"567\" height=\"414\" src=\"http:\/\/ronaldruseler.nl\/wp-tekst\/wp-content\/uploads\/2020\/04\/RoMa-Mex-2.jpg\" alt=\"\" class=\"wp-image-2759\" srcset=\"http:\/\/ronaldruseler.nl\/wp-tekst\/wp-content\/uploads\/2020\/04\/RoMa-Mex-2.jpg 567w, http:\/\/ronaldruseler.nl\/wp-tekst\/wp-content\/uploads\/2020\/04\/RoMa-Mex-2-300x219.jpg 300w\" sizes=\"auto, (max-width: 567px) 100vw, 567px\" \/><\/figure>\n\n\n\n<p style=\"font-size:10px\"><em>La Casa Azul. Het geboortehuis van Frida Kahlo.<\/em><\/p>\n\n\n\n<p><strong>Heimwee<\/strong><br>Afgezien van het avontuur begreep ik dat alle indrukken na mijn reis wel ergens zouden bezinken. Een jaar later maakte ik op verzoek van de plaatselijke afdeling van Amnesty International in Haarlem z\u00e8lf een muurschildering. De klus werd in \u00e9\u00e9n week geklaard, samen met de schilders Jan-Willem Post, Erik Prins en de Chileense \u2018Gaby\u2019, die actief was geweest voor het door dictator Pinochet vervolgde schilderscollectief Brigada Ramona Parra. De muurschildering bestaat nog steeds. Iedere keer als ik er langs fiets herinnert dit werk mij aan mijn verre reis en dat roept heimwee op. De wat verweerde staat waarin het verkeert krijgt iets aandoenlijks, maar zijn bestaan blijkt inmiddels weer pijnlijk actueel.<\/p>\n\n\n\n<p class=\"has-small-font-size\">geschreven voor Palet juni\/julinummer 2016 bij de tentoonstelling REISKOORTS &#8211; bij Nederlandse kunstenaars sinds 1850 was in&nbsp;Museum De&nbsp;Hallen\/ Frans Halsmuseum, Haarlem&nbsp;van&nbsp;28.05.2016 &#8211; 11.09.2016<\/p>\n\n\n\n<p><sub>meer informatie over de muurschildering op het Doelenplein te Haarlem<br><a href=\"http:\/\/ronaldruseler.nl\/wp-tekst\/overgeschilderd-deel-keert-terug-aan-doelenplein\/\" data-type=\"URL\" data-id=\"http:\/\/ronaldruseler.nl\/wp-tekst\/overgeschilderd-deel-keert-terug-aan-doelenplein\/\">&#8216;Amnesty schildering nog immer actueel&#8217;<\/a><br><a href=\"http:\/\/ronaldruseler.nl\/wp-tekst\/revival-muurschildering-amnesty\/\" data-type=\"URL\" data-id=\"http:\/\/ronaldruseler.nl\/wp-tekst\/revival-muurschildering-amnesty\/\">\u2018Revival Muurschildering Amnesty\u2019<\/a><\/sub><\/p>\n\n\n\n<p><\/p>\n\n\n\n<figure class=\"wp-block-image size-large\"><img loading=\"lazy\" decoding=\"async\" width=\"567\" height=\"847\" src=\"http:\/\/ronaldruseler.nl\/wp-tekst\/wp-content\/uploads\/2020\/04\/1doelenplein.jpg\" alt=\"\" class=\"wp-image-2755\" srcset=\"http:\/\/ronaldruseler.nl\/wp-tekst\/wp-content\/uploads\/2020\/04\/1doelenplein.jpg 567w, http:\/\/ronaldruseler.nl\/wp-tekst\/wp-content\/uploads\/2020\/04\/1doelenplein-201x300.jpg 201w\" sizes=\"auto, (max-width: 567px) 100vw, 567px\" \/><\/figure>\n\n\n\n<p style=\"font-size:10px\"><em>Manifestatie Amnesty International, Haarlem \u2013 1985<\/em><\/p>\n\n\n\n<figure class=\"wp-block-image size-large\"><img loading=\"lazy\" decoding=\"async\" width=\"567\" height=\"719\" src=\"http:\/\/ronaldruseler.nl\/wp-tekst\/wp-content\/uploads\/2020\/04\/cover-reiskoorts-1.jpg\" alt=\"\" class=\"wp-image-2764\" srcset=\"http:\/\/ronaldruseler.nl\/wp-tekst\/wp-content\/uploads\/2020\/04\/cover-reiskoorts-1.jpg 567w, http:\/\/ronaldruseler.nl\/wp-tekst\/wp-content\/uploads\/2020\/04\/cover-reiskoorts-1-237x300.jpg 237w\" sizes=\"auto, (max-width: 567px) 100vw, 567px\" \/><\/figure>\n\n\n\n<p style=\"font-size:10px\"><em>Antoon Erftemeijer, Renske Koster<\/em><br><em>Reiskoorts bij Nederlandse kunstenaars sinds 1850<\/em><br><em>99 Uitgevers\/Publishers, Haarlem<\/em><\/p>\n\n\n\n<p><\/p>\n","protected":false},"excerpt":{"rendered":"<p>Doelenplein, Haarlem Een drietal schrijvers hebben mij als Sirenen naar het Latijns-Amerikaanse continent gelokt. In mijn studententijd las ik \u2018Onder de Vulkaan\u2019 van Malcolm Lowry. Het verhaal beschrijft de laatste vierentwintig uur uit het leven van een alcoholistische Britse consul in de Mexicaanse stad Quauhnahuac (in werkelijkheid Cuernavaca). Tegelijkertijd raakte ik verslingerd aan de fel realistische, spannende avonturenromans van Ben&#8230; <a href=\"http:\/\/ronaldruseler.nl\/wp-tekst\/reiskoorts-mexico-1984\/\">Read more &raquo;<\/a><\/p>\n","protected":false},"author":1,"featured_media":0,"parent":0,"menu_order":0,"comment_status":"closed","ping_status":"closed","template":"","meta":{"footnotes":""},"class_list":["post-755","page","type-page","status-publish","hentry"],"_links":{"self":[{"href":"http:\/\/ronaldruseler.nl\/wp-tekst\/wp-json\/wp\/v2\/pages\/755","targetHints":{"allow":["GET"]}}],"collection":[{"href":"http:\/\/ronaldruseler.nl\/wp-tekst\/wp-json\/wp\/v2\/pages"}],"about":[{"href":"http:\/\/ronaldruseler.nl\/wp-tekst\/wp-json\/wp\/v2\/types\/page"}],"author":[{"embeddable":true,"href":"http:\/\/ronaldruseler.nl\/wp-tekst\/wp-json\/wp\/v2\/users\/1"}],"replies":[{"embeddable":true,"href":"http:\/\/ronaldruseler.nl\/wp-tekst\/wp-json\/wp\/v2\/comments?post=755"}],"version-history":[{"count":26,"href":"http:\/\/ronaldruseler.nl\/wp-tekst\/wp-json\/wp\/v2\/pages\/755\/revisions"}],"predecessor-version":[{"id":5286,"href":"http:\/\/ronaldruseler.nl\/wp-tekst\/wp-json\/wp\/v2\/pages\/755\/revisions\/5286"}],"wp:attachment":[{"href":"http:\/\/ronaldruseler.nl\/wp-tekst\/wp-json\/wp\/v2\/media?parent=755"}],"curies":[{"name":"wp","href":"https:\/\/api.w.org\/{rel}","templated":true}]}}