{"id":2472,"date":"2026-04-21T10:35:44","date_gmt":"2026-04-21T10:35:44","guid":{"rendered":"https:\/\/ronaldruseler.nl\/dir\/?page_id=2472"},"modified":"2026-04-21T13:55:49","modified_gmt":"2026-04-21T13:55:49","slug":"wewelsburg-spiritueel-hoofdkwartier-van-de-ss","status":"publish","type":"page","link":"https:\/\/ronaldruseler.nl\/dir\/wewelsburg-spiritueel-hoofdkwartier-van-de-ss\/","title":{"rendered":"Wewelsburg &#8211; Spiritueel Hoofdkwartier van de SS"},"content":{"rendered":"\n<p><strong>Woensdag 14 september 2022 \u2013 Wewelsburg | B\u00fcren \u2013 Duitsland<\/strong><br><\/p>\n\n\n\n<figure class=\"wp-block-image size-full\"><img loading=\"lazy\" decoding=\"async\" width=\"709\" height=\"531\" src=\"https:\/\/ronaldruseler.nl\/dir\/wp-content\/uploads\/2026\/04\/4-Ingang.jpg\" alt=\"\" class=\"wp-image-2474\" srcset=\"https:\/\/ronaldruseler.nl\/dir\/wp-content\/uploads\/2026\/04\/4-Ingang.jpg 709w, https:\/\/ronaldruseler.nl\/dir\/wp-content\/uploads\/2026\/04\/4-Ingang-300x225.jpg 300w, https:\/\/ronaldruseler.nl\/dir\/wp-content\/uploads\/2026\/04\/4-Ingang-624x467.jpg 624w\" sizes=\"auto, (max-width: 709px) 100vw, 709px\" \/><\/figure>\n\n\n\n<p><\/p>\n\n\n\n<p>Begin jaren 30 van de vorige eeuw was de Wewelsburg van een buitenverblijf van de prins-bisschop van Paderborn Dietrich IV von F\u00fcrstenberg vervallen tot een ru\u00efne.<\/p>\n\n\n\n<p>In 1934 werd de bouwval gehuurd door Reichsf\u00fchrer-<em>SS<\/em> Heinrich Himmler. De nazi huurde het pand voor het symbolische bedrag van \u00e9\u00e9n mark per jaar voor een periode van honderd jaar.<br>Tijdens het Nazi-regiem werd het omgetoverd tot een spiritueel centrum van de nazi-ideologie. Heinrich Himmler voorzag hiervoor zijn <em>SS<\/em>-ideologie een herschrijving van het Germaans heidendom. Archeologen, onder leiding van Karl Maria Wiligut, vonden een nieuwe mystiek verleden uit op basis van vondsten waar hele verhalen omheen verzonnen werden. Het runenschrift lag aan de basis van deze mythologie\u00ebn. In de toren is alle christelijke symboliek vervangen door Nazisymbolen. Er zijn ruimtes voor mystieke rituelen aangevuld met artefacten die verwijzen naar de Graal &amp; Arthur\u2019s Ronde Tafel, zoals de <em>Schwarze Sonne <\/em>of het <em>Sonnenrad<\/em>. Daar hoorde meubilair bij, zoals leren stoelen, gedecoreerd met ss-tekens, kerstballen met runentekens of borden, kopjes en bestek met dezelfde ornamentiek. Politieke kitsch.<\/p>\n\n\n\n<p>Natuurlijk werden de werkzaamheden verricht door slaven \/ gevangenen die in twee concentratiekampen werden ondergebracht. Het moest al met al een enorm megalomaan complex worden, met de burcht als 3-hoekig centrum boven op de heuvel.<br>Het museum is nu een herdenkingsmonument ter herinnering aan de miljoenen slachtoffers van de Nazi&#8217;s. Kleine documenten maken het onrecht, dat zovelen getroffen heeft, groot.<br>Het museum geeft een indrukwekkend inkijkje in het voze denken van de <em>SS<\/em>. Dromerijen om het schrikbewind te rechtvaardigen. De slavenlegers en de massamoord op de Joden. Onrealistisch, ideologisch gefilosofeer tegenover vernederingen.<br>Een krijgsgevangene die na zes maanden op de vlucht weer in het kamp werd teruggesleept kreeg een bord om zijn nek gehangen voor hij werd doodgeslagen: \u201cBin fro wieder da zu sein\u201d.<br>Hemeltergend.<\/p>\n\n\n\n<p><sub>Bron: <em>2022 tekst uit het Reisdagboek van Margreet Bouman en Ronald Ruseler<\/em><\/sub><\/p>\n\n\n\n<p><\/p>\n\n\n\n<figure class=\"wp-block-image size-full is-resized\"><img loading=\"lazy\" decoding=\"async\" width=\"709\" height=\"395\" src=\"https:\/\/ronaldruseler.nl\/dir\/wp-content\/uploads\/2026\/04\/dd-2019.05.23-4.jpg\" alt=\"\" class=\"wp-image-2477\" style=\"width:656px;height:auto\" srcset=\"https:\/\/ronaldruseler.nl\/dir\/wp-content\/uploads\/2026\/04\/dd-2019.05.23-4.jpg 709w, https:\/\/ronaldruseler.nl\/dir\/wp-content\/uploads\/2026\/04\/dd-2019.05.23-4-300x167.jpg 300w, https:\/\/ronaldruseler.nl\/dir\/wp-content\/uploads\/2026\/04\/dd-2019.05.23-4-624x348.jpg 624w\" sizes=\"auto, (max-width: 709px) 100vw, 709px\" \/><figcaption class=\"wp-element-caption\"><em><sub>Uitbreidingsplan van Die Wewelsburg door de architect Hermann Bartels<\/sub><\/em><\/figcaption><\/figure>\n\n\n\n<p><\/p>\n\n\n\n<figure class=\"wp-block-image size-full is-resized\"><img loading=\"lazy\" decoding=\"async\" width=\"709\" height=\"531\" src=\"https:\/\/ronaldruseler.nl\/dir\/wp-content\/uploads\/2026\/04\/0-Burcht-1.jpg\" alt=\"\" class=\"wp-image-2475\" style=\"width:661px;height:auto\" srcset=\"https:\/\/ronaldruseler.nl\/dir\/wp-content\/uploads\/2026\/04\/0-Burcht-1.jpg 709w, https:\/\/ronaldruseler.nl\/dir\/wp-content\/uploads\/2026\/04\/0-Burcht-1-300x225.jpg 300w, https:\/\/ronaldruseler.nl\/dir\/wp-content\/uploads\/2026\/04\/0-Burcht-1-624x467.jpg 624w\" sizes=\"auto, (max-width: 709px) 100vw, 709px\" \/><\/figure>\n\n\n\n<p><\/p>\n\n\n\n<figure class=\"wp-block-image size-full is-resized\"><img loading=\"lazy\" decoding=\"async\" width=\"500\" height=\"469\" src=\"https:\/\/ronaldruseler.nl\/dir\/wp-content\/uploads\/2026\/04\/Schwarze_Sonne_Obergruppenfuhrersaal_SS_Generals_Hall.jpg\" alt=\"\" class=\"wp-image-2480\" style=\"width:641px;height:auto\" srcset=\"https:\/\/ronaldruseler.nl\/dir\/wp-content\/uploads\/2026\/04\/Schwarze_Sonne_Obergruppenfuhrersaal_SS_Generals_Hall.jpg 500w, https:\/\/ronaldruseler.nl\/dir\/wp-content\/uploads\/2026\/04\/Schwarze_Sonne_Obergruppenfuhrersaal_SS_Generals_Hall-300x281.jpg 300w\" sizes=\"auto, (max-width: 500px) 100vw, 500px\" \/><\/figure>\n\n\n\n<p><\/p>\n\n\n\n<figure class=\"wp-block-image size-full is-resized\"><img loading=\"lazy\" decoding=\"async\" width=\"709\" height=\"459\" src=\"https:\/\/ronaldruseler.nl\/dir\/wp-content\/uploads\/2026\/04\/Tijdschrift-72.jpg\" alt=\"\" class=\"wp-image-2481\" style=\"width:642px;height:auto\" srcset=\"https:\/\/ronaldruseler.nl\/dir\/wp-content\/uploads\/2026\/04\/Tijdschrift-72.jpg 709w, https:\/\/ronaldruseler.nl\/dir\/wp-content\/uploads\/2026\/04\/Tijdschrift-72-300x194.jpg 300w, https:\/\/ronaldruseler.nl\/dir\/wp-content\/uploads\/2026\/04\/Tijdschrift-72-624x404.jpg 624w\" sizes=\"auto, (max-width: 709px) 100vw, 709px\" \/><\/figure>\n\n\n\n<p><\/p>\n\n\n\n<figure class=\"wp-block-image size-full is-resized\"><img loading=\"lazy\" decoding=\"async\" width=\"709\" height=\"531\" src=\"https:\/\/ronaldruseler.nl\/dir\/wp-content\/uploads\/2026\/04\/2-Kunst-im-Dritten-Reich.jpg\" alt=\"\" class=\"wp-image-2479\" style=\"width:646px;height:auto\" srcset=\"https:\/\/ronaldruseler.nl\/dir\/wp-content\/uploads\/2026\/04\/2-Kunst-im-Dritten-Reich.jpg 709w, https:\/\/ronaldruseler.nl\/dir\/wp-content\/uploads\/2026\/04\/2-Kunst-im-Dritten-Reich-300x225.jpg 300w, https:\/\/ronaldruseler.nl\/dir\/wp-content\/uploads\/2026\/04\/2-Kunst-im-Dritten-Reich-624x467.jpg 624w\" sizes=\"auto, (max-width: 709px) 100vw, 709px\" \/><\/figure>\n\n\n\n<p><\/p>\n\n\n\n<figure class=\"wp-block-image size-full is-resized\"><img loading=\"lazy\" decoding=\"async\" width=\"709\" height=\"531\" src=\"https:\/\/ronaldruseler.nl\/dir\/wp-content\/uploads\/2026\/04\/7-beeldjes.jpg\" alt=\"\" class=\"wp-image-2501\" style=\"width:645px;height:auto\" srcset=\"https:\/\/ronaldruseler.nl\/dir\/wp-content\/uploads\/2026\/04\/7-beeldjes.jpg 709w, https:\/\/ronaldruseler.nl\/dir\/wp-content\/uploads\/2026\/04\/7-beeldjes-300x225.jpg 300w, https:\/\/ronaldruseler.nl\/dir\/wp-content\/uploads\/2026\/04\/7-beeldjes-624x467.jpg 624w\" sizes=\"auto, (max-width: 709px) 100vw, 709px\" \/><\/figure>\n\n\n\n<p><\/p>\n\n\n\n<figure class=\"wp-block-image size-full is-resized\"><img loading=\"lazy\" decoding=\"async\" width=\"709\" height=\"683\" src=\"https:\/\/ronaldruseler.nl\/dir\/wp-content\/uploads\/2026\/04\/6-stoel-1.jpg\" alt=\"\" class=\"wp-image-2503\" style=\"width:641px;height:auto\" srcset=\"https:\/\/ronaldruseler.nl\/dir\/wp-content\/uploads\/2026\/04\/6-stoel-1.jpg 709w, https:\/\/ronaldruseler.nl\/dir\/wp-content\/uploads\/2026\/04\/6-stoel-1-300x289.jpg 300w, https:\/\/ronaldruseler.nl\/dir\/wp-content\/uploads\/2026\/04\/6-stoel-1-624x601.jpg 624w\" sizes=\"auto, (max-width: 709px) 100vw, 709px\" \/><\/figure>\n\n\n\n<p><\/p>\n\n\n\n<figure class=\"wp-block-image size-full is-resized\"><img loading=\"lazy\" decoding=\"async\" width=\"511\" height=\"685\" src=\"https:\/\/ronaldruseler.nl\/dir\/wp-content\/uploads\/2026\/04\/dd-2019.05.23-3.jpg\" alt=\"\" class=\"wp-image-2478\" style=\"width:646px;height:auto\" srcset=\"https:\/\/ronaldruseler.nl\/dir\/wp-content\/uploads\/2026\/04\/dd-2019.05.23-3.jpg 511w, https:\/\/ronaldruseler.nl\/dir\/wp-content\/uploads\/2026\/04\/dd-2019.05.23-3-224x300.jpg 224w\" sizes=\"auto, (max-width: 511px) 100vw, 511px\" \/><figcaption class=\"wp-element-caption\"><em><sub>Bisschoppelijke lusthof<\/sub><\/em><\/figcaption><\/figure>\n\n\n\n<p><\/p>\n","protected":false},"excerpt":{"rendered":"<p>Woensdag 14 september 2022 \u2013 Wewelsburg | B\u00fcren \u2013 Duitsland Begin jaren 30 van de vorige eeuw was de Wewelsburg van een buitenverblijf van de prins-bisschop van Paderborn Dietrich IV von F\u00fcrstenberg vervallen tot een ru\u00efne. In 1934 werd de bouwval gehuurd door Reichsf\u00fchrer-SS Heinrich Himmler. De nazi huurde het pand voor het symbolische bedrag van \u00e9\u00e9n mark per jaar&#8230; <a href=\"https:\/\/ronaldruseler.nl\/dir\/wewelsburg-spiritueel-hoofdkwartier-van-de-ss\/\">Read more &raquo;<\/a><\/p>\n","protected":false},"author":1,"featured_media":0,"parent":0,"menu_order":0,"comment_status":"closed","ping_status":"closed","template":"","meta":{"footnotes":""},"class_list":["post-2472","page","type-page","status-publish","hentry"],"_links":{"self":[{"href":"https:\/\/ronaldruseler.nl\/dir\/wp-json\/wp\/v2\/pages\/2472","targetHints":{"allow":["GET"]}}],"collection":[{"href":"https:\/\/ronaldruseler.nl\/dir\/wp-json\/wp\/v2\/pages"}],"about":[{"href":"https:\/\/ronaldruseler.nl\/dir\/wp-json\/wp\/v2\/types\/page"}],"author":[{"embeddable":true,"href":"https:\/\/ronaldruseler.nl\/dir\/wp-json\/wp\/v2\/users\/1"}],"replies":[{"embeddable":true,"href":"https:\/\/ronaldruseler.nl\/dir\/wp-json\/wp\/v2\/comments?post=2472"}],"version-history":[{"count":5,"href":"https:\/\/ronaldruseler.nl\/dir\/wp-json\/wp\/v2\/pages\/2472\/revisions"}],"predecessor-version":[{"id":2508,"href":"https:\/\/ronaldruseler.nl\/dir\/wp-json\/wp\/v2\/pages\/2472\/revisions\/2508"}],"wp:attachment":[{"href":"https:\/\/ronaldruseler.nl\/dir\/wp-json\/wp\/v2\/media?parent=2472"}],"curies":[{"name":"wp","href":"https:\/\/api.w.org\/{rel}","templated":true}]}}