{"id":1096,"date":"2017-02-21T19:23:28","date_gmt":"2017-02-21T19:23:28","guid":{"rendered":"http:\/\/ronaldruseler.nl\/wp-tekst\/?page_id=1096"},"modified":"2018-04-12T21:20:38","modified_gmt":"2018-04-12T21:20:38","slug":"o-isis-und-osiris-wolfgang-amadeus-mozart","status":"publish","type":"page","link":"https:\/\/ronaldruseler.nl\/wp-tekst\/o-isis-und-osiris-wolfgang-amadeus-mozart\/","title":{"rendered":"O Isis und Osiris &#8211; Wolfgang Amadeus Mozart"},"content":{"rendered":"<p><img loading=\"lazy\" decoding=\"async\" class=\"alignnone  wp-image-1637\" src=\"http:\/\/ronaldruseler.nl\/wp-tekst\/wp-content\/uploads\/2018\/04\/osiris.jpg\" alt=\"\" width=\"474\" height=\"327\" \/><\/p>\n<p>O Isis und Osiris, schenket<br \/>\nder Weisheit Geist dem neuen Paar!<br \/>\nDie ihr der Wandr\u2019er Schritte lenket,<br \/>\nSt\u00e4rkt mit Geduld sie in Gefahr.<\/p>\n<p>La\u00dft sie der Pr\u00fcfung Fr\u00fcchte sehen,<br \/>\nDoch sollen sie zu Grabe gehen,<br \/>\nSo lohnt der Tugend k\u00fchnen Lauf,<br \/>\nNehmt sie in euren Wohnsitz auf.<\/p>\n<p>O Isis und Osiris<br \/>\nSARASTRO : O Isis und Osiris, schenket der Weisheit Geist dem neuen Paar!<br \/>\nDie ihr der Wandrer Schritte lenket, st\u00e4rkt mit Geduld sie in Gefahr!<br \/>\nCHOR : St\u00e4rkt mit Geduld sie in Gefahr!<\/p>\n<p>SARASTRO : Las\u00dft sie der Pr\u00fcfung Fr\u00fcchte sehen; doch sollten sie zu Grabe gehen, so lohnt der Tugend k\u00fchnen Lauf, nehmt sie in euren Wohnsitz auf!<br \/>\nCHOR : Nehmt sie in euren Wohnsitz auf!<br \/>\n(Sarastro geht voraus, dann alle ihm nach.) Verwandlung. Nacht. Der Donner rollt von weitem. Vorhof des Tempels.<br \/>\n(Tamino und Papageno werden von zwei Priestern hereingef\u00fchrt. Die Priester gehen dann ab.)<\/p>\n<p>TAMINO : Eine schreckliche Nacht.- Papageno, bist du noch bei mir?<br \/>\nPAPAGENO : Ja, leider.<br \/>\n(Donnerschlag)<br \/>\nO weh! O weh!<br \/>\nTAMINO : Du hast Furcht?<\/p>\n<p>PAPAGENO : F&#8230;Furcht, Furcht eben nicht, nur, es l\u00e4uft mir so eiskalt \u00fcber den R\u00fccken. (Donnerschlag) O weh! O&#8230;<\/p>\n<p>TAMINO : Papageno, sei ein Mann!<br \/>\nPAPAGENO : Ich wollt&#8217;,ich w\u00e4r&#8217; ein M\u00e4dchen! (Donnerschlag) Oh! D&#8230;das ist mein letzter Augenblick! (Zwei Priester mit Fackeln kommen.)<\/p>\n<p>ZWEITER PRIESTER : Ihr Fremdlinge, was sucht ihr? Was treibt euch an, in unsre Mauern zu dringen?<br \/>\nTAMINO : Freundschaft und Liebe!<\/p>\n<p>ZWEITER PRIESTER : Bist du bereit, sie mit deinem Leben zu erk\u00e4mpfen?<br \/>\nTAMINO : Ja! Weisheitslehre sei mein Sieg; Pamina mein Lohn!<br \/>\nZWEITER PRIESTER : Reiche mir deine Hand!- Du wirst Pamina sehen, sie aber nicht sprechen d\u00fcrfen; das ist der Anfang deiner Pr\u00fcfung.<br \/>\nERSTER PRIESTER : Papageno!<br \/>\nPAPAGENO : Hm.<br \/>\nERSTER PRIESTER : Willst auch du die Weisheitslehre erk\u00e4mpfen?<br \/>\nPAPAGENO : Na&#8230;, k\u00e4mpfen ist meine Sachen nicht, i&#8230;ich bin so ein Naturmensch, der sich mit Schlaf, Speise und Trank begn\u00fcgt; und wenn es mal sein k\u00f6nnte, dass ich mir ein sch\u00f6nes Weibchen fange&#8230;<br \/>\nERSTER PRIESTER : Das wirst du nie erhalten, wenn du dich nicht unseren Pr\u00fcfungen unterziehst und selbst den Tod nicht scheust!<br \/>\nPAPAGENO : Ich bleibe ledig!<br \/>\nERSTER PRIESTER : Wenn nun aber Sarastro f\u00fcr dich ein M\u00e4dchen h\u00e4tte, das an Farbe und Kleidung dir ganz gleich w\u00e4re&#8230;<br \/>\nPAPAGENO : Mir ganz gleich? H\u00f6rt! Mir agnz gleich?! Ist sie jung?<br \/>\nERSTER PRIESTER : Sehr jung! PAPAGENO : Hmm&#8230;<br \/>\nERSTER PRIESTER : Und hei\u00dft Papagena. PAPAGENO : Pa&#8230;wie? wie? Papage&#8230;<br \/>\nERSTER PRIESTER : &#8230;na!<br \/>\nPAPAGENO : Na? Ah, Papagena. Die m\u00f6chte ich aus blo\u00dfer Neugierde sehen!<br \/>\nERSTER PRIESTER : Sehen kannst du sie, aber kein Wort mit ihr sprechen! Wird dein Geist soviel Standhaftigkeit besitzen?<br \/>\nPAPAGENO : O ja!<\/p>\n","protected":false},"excerpt":{"rendered":"<p>O Isis und Osiris, schenket der Weisheit Geist dem neuen Paar! Die ihr der Wandr\u2019er Schritte lenket, St\u00e4rkt mit Geduld sie in Gefahr. La\u00dft sie der Pr\u00fcfung Fr\u00fcchte sehen, Doch sollen sie zu Grabe gehen, So lohnt der Tugend k\u00fchnen Lauf, Nehmt sie in euren Wohnsitz auf. O Isis und Osiris SARASTRO : O Isis und Osiris, schenket der Weisheit&#8230; <a href=\"https:\/\/ronaldruseler.nl\/wp-tekst\/o-isis-und-osiris-wolfgang-amadeus-mozart\/\">Read more &raquo;<\/a><\/p>\n","protected":false},"author":1,"featured_media":0,"parent":0,"menu_order":0,"comment_status":"closed","ping_status":"closed","template":"","meta":{"footnotes":""},"class_list":["post-1096","page","type-page","status-publish","hentry"],"_links":{"self":[{"href":"https:\/\/ronaldruseler.nl\/wp-tekst\/wp-json\/wp\/v2\/pages\/1096","targetHints":{"allow":["GET"]}}],"collection":[{"href":"https:\/\/ronaldruseler.nl\/wp-tekst\/wp-json\/wp\/v2\/pages"}],"about":[{"href":"https:\/\/ronaldruseler.nl\/wp-tekst\/wp-json\/wp\/v2\/types\/page"}],"author":[{"embeddable":true,"href":"https:\/\/ronaldruseler.nl\/wp-tekst\/wp-json\/wp\/v2\/users\/1"}],"replies":[{"embeddable":true,"href":"https:\/\/ronaldruseler.nl\/wp-tekst\/wp-json\/wp\/v2\/comments?post=1096"}],"version-history":[{"count":3,"href":"https:\/\/ronaldruseler.nl\/wp-tekst\/wp-json\/wp\/v2\/pages\/1096\/revisions"}],"predecessor-version":[{"id":1639,"href":"https:\/\/ronaldruseler.nl\/wp-tekst\/wp-json\/wp\/v2\/pages\/1096\/revisions\/1639"}],"wp:attachment":[{"href":"https:\/\/ronaldruseler.nl\/wp-tekst\/wp-json\/wp\/v2\/media?parent=1096"}],"curies":[{"name":"wp","href":"https:\/\/api.w.org\/{rel}","templated":true}]}}