{"id":3693,"date":"2021-11-18T09:30:18","date_gmt":"2021-11-18T09:30:18","guid":{"rendered":"http:\/\/ronaldruseler.nl\/wp-tekst\/?page_id=3693"},"modified":"2023-06-14T08:06:35","modified_gmt":"2023-06-14T08:06:35","slug":"margreet-bouman-het-zelfportret-als-opgave","status":"publish","type":"page","link":"https:\/\/ronaldruseler.nl\/wp-tekst\/margreet-bouman-het-zelfportret-als-opgave\/","title":{"rendered":"Margreet Bouman \u2013 Het zelfportret als opgave"},"content":{"rendered":"\n<figure class=\"wp-block-image size-large is-resized is-style-default\"><img loading=\"lazy\" decoding=\"async\" src=\"http:\/\/ronaldruseler.nl\/wp-tekst\/wp-content\/uploads\/2021\/11\/wand1-1024x683.jpg\" alt=\"\" class=\"wp-image-3704\" width=\"512\" height=\"342\" srcset=\"https:\/\/ronaldruseler.nl\/wp-tekst\/wp-content\/uploads\/2021\/11\/wand1-1024x683.jpg 1024w, https:\/\/ronaldruseler.nl\/wp-tekst\/wp-content\/uploads\/2021\/11\/wand1-300x200.jpg 300w, https:\/\/ronaldruseler.nl\/wp-tekst\/wp-content\/uploads\/2021\/11\/wand1-768x512.jpg 768w, https:\/\/ronaldruseler.nl\/wp-tekst\/wp-content\/uploads\/2021\/11\/wand1-624x416.jpg 624w, https:\/\/ronaldruseler.nl\/wp-tekst\/wp-content\/uploads\/2021\/11\/wand1.jpg 1536w\" sizes=\"auto, (max-width: 512px) 100vw, 512px\" \/><figcaption class=\"wp-element-caption\"><em><sub>Stemmen \/ In het woud I 2021 70 x 100 cm potlood op papier, \u00e9\u00e9n werk van 15 tekeningen<\/sub><\/em><\/figcaption><\/figure>\n\n\n\n<p class=\"has-text-align-left\"><br><strong>Toen ik Margreet Bouman in 1969 leerde kennen tekende zij mensfiguren. Ook hoofden, alleen waren het nog niet haar eigen hoofden. Die kwamen later pas, nadat zij haar studie aan de academie had afgerond. Van dichtbij heb ik de ontwikkeling van haar kunst nauwgezet kunnen volgen. Haar eigen <em>zelf <\/em>werd stukje bij beetje de kern van haar werk. De hoofden werden bakens van verbeelding in een complexe verhouding tussen de binnen- en buitenwereld. Zij schilderde sindsdien nooit meer \u00f3ver iets, maar vanuit iets. Het oeuvre van Margreet is op den duur uitgegroeid tot een omvangrijk <em>existentieel continent<\/em>.&nbsp;<\/strong><\/p>\n\n\n\n<p><strong>Continent van Hoofden<\/strong><br>Haar continent van hoofden is een persoonlijk universum geworden en langzaamaan heb ik het zien uitgroeien tot een imposant geheel. De momenten van reflectie die aan een nieuwe periode voorafgingen zijn nooit eenvoudig geweest en konden soms een grote tijdspanne omvatten. Door een verscheidenheid aan invalshoeken lijkt zij haar kunstenaarschap iedere keer opnieuw uit te vinden. De radicaliteit van dat kunstenaarschap is daarmee meteen samengevat: zoeken naar het uiterst mogelijke en als het zich niet makkelijk geeft, dan is het maar zo. Alles of niets moet het zijn, de tussenweg bestaat niet.&nbsp;<\/p>\n\n\n\n<p><strong>Nooit op gelijkenis<\/strong><br>Het eigen hoofd is altijd het ijkpunt tussen die uitersten geweest en moet re\u00ebel zijn, maar het hoeft niet per se te lijken.<br>\u2018Ik teken nooit op gelijkenis\u2019, vertelt Margreet, wijzend op een nieuw monumentaal werk \u2013 Stemmen \/ In het Woud \u2013 dat uit 15 grote tekeningen bestaat.<br>\u2018Ik maak wel foto\u2019s van mijzelf of gebruik een hoofd uit ouder werk dat voldoet aan de rol die het moet spelen. Ik heb een behoorlijk archief opgebouwd waar ik uit kan putten. Als ik een werk opzet moeten alle onderdelen van de kop meteen op de juiste plaats zitten; en het allerbelangrijkste: de blik moet goed zijn. Is de uitdrukking niet goed, dan houdt het op. Ik wil er niet aan hoeven corrigeren, anders ben ik alleen maar met die kop bezig. Ik moet er verder mee kunnen gaan. Daarom projecteer ik altijd eerst schetsmatig een eerste opzet, en dan begint het werkproces.\u2019<br>Hoewel uiterlijkheid niet belangrijk is, zie je toch onmiskenbaar Margreet zelf. Niet de kunstenaar als persoon, maar als een masker bijna, een sjabloon waarachter zich een diepe magische wereld schuilhoudt. Het individuele wordt daarmee universeel.&nbsp;<\/p>\n\n\n\n<p><strong>Op weg naar een eigen vorm<\/strong><br>Na een bezoek in 1979 aan de Verenigde Staten is duidelijk sprake van een doorbraak. Wij reisden dat jaar door de zuidwestelijke staten, trokken door woestijnen en bezochten in stadjes ceremonies van de <em>Native Americans<\/em>. Daar ontdekten wij dat de inheemse cultuur deel was gaan uitmaken van de Amerikaanse Leitkultur. Die vervlochtenheid van oud en modern, geschiedenis en actualiteit kwamen wij overal tegen en dat inspireerde ons.<br>Margreet: \u2018Ik begon de motieven van de inheemse Amerikaanse cultuur van gezangen en allerlei andere stijlelementen met elkaar te combineren. Daarmee heb ik een hele serie werken gemaakt. Maar het voelde op den duur toch te onpersoonlijk. In die tijd waarin ik nadacht hoe ik verder moest, ben ik begonnen mijzelf in het werk te plaatsen. Naast de vormen uit de periode daarv\u00f3\u00f3r kwam ik weer uit bij de figuren die ik tekende voordat ik naar de academie ging. Dat is het begin geworden van een standpunt waar ik nog steeds van uitga.\u2019&nbsp;<\/p>\n\n\n\n<p><strong>Het labyrint van Sigmund Freud<\/strong><br>Voor Margreet is inhoudelijkheid altijd belangrijk geweest. Volgens haar kan vorm niet zonder betekenis. Een kunstwerk is geen ding.<br>\u2018In die tijd heb ik bijna alles van Freud gelezen. Diens theorie\u00ebn stuurden mijn beelden, schiepen ruimte voor inhoud en ordenden tevens mijn denkwereld. Ik zag mijzelf in een wereld geplaatst tussen het allergrootste en het allerkleinste. De verwerking van de feitelijke en objectieve werkelijkheid is problematisch en persoonlijk. Daarom ben ik, om mijn verhaal vast te houden, op den duur in reeksen gaan werken. Ze omvatten als het ware een registratie van mijn gedachten. De kop is mijn anker, maar ik kan pas werken als ik het probleem dat mij bezighoudt voor mij zie en toch krijg ik er nooit echt vat op.\u2019&nbsp;<br>Hier begint de reis door het ondoorgrondelijke en Freud suddert op de achtergrond nog steeds mee.&nbsp;<\/p>\n\n\n\n<p><strong>Bewondering<\/strong><br>\u2018Ik heb mij altijd naast de kunstenaars geplaatst die ik bewonder. Zij begrenzen mijn referentiekader. Ik ben bijvoorbeeld altijd gefascineerd geweest door de schilderijen van de middeleeuwse schilder Rogier van der Weyden. Niet in religieuze zin, maar vanwege de emotie die hij weet op te roepen. Dat kan een gebaar zijn, een houding of een blik. Bij hem klopt het en daar streef ik ook naar. Alles moet kloppen in mijn werk.\u2019<br>Ook Caravaggio is van begin af aan een held geweest. Diens schilderijen heeft zij in etappes nagereisd, van Rome naar Napels, Sicili\u00eb en daarna Malta. Zijn motieven van kracht, kwetsbaarheid en dood zijn in eerdere schilderijen en tekeningen van Margreet terug te vinden. Maar ook andere voorbeelden lieten hun sporen na. Bij Picasso herkende zij zichzelf in een schilderij van een denkende vrouw, ze gebruikte de ets over een slapende Faust van Max Beckmann. Voor de twee series in deze publicatie was de aanleiding een tekening van Edvard Munch <em>Ogen | De Stem <\/em>uit ca.1893 \u2013 1896.&nbsp;<\/p>\n\n\n\n<figure class=\"wp-block-image size-full is-resized is-style-default\"><img loading=\"lazy\" decoding=\"async\" src=\"http:\/\/ronaldruseler.nl\/wp-tekst\/wp-content\/uploads\/2021\/11\/T0329_20130205.t5fa19b28.m800.tif.pv_.xHU1HMG85eTQ51vgF.jpg\" alt=\"\" class=\"wp-image-3701\" width=\"400\" height=\"333\" srcset=\"https:\/\/ronaldruseler.nl\/wp-tekst\/wp-content\/uploads\/2021\/11\/T0329_20130205.t5fa19b28.m800.tif.pv_.xHU1HMG85eTQ51vgF.jpg 800w, https:\/\/ronaldruseler.nl\/wp-tekst\/wp-content\/uploads\/2021\/11\/T0329_20130205.t5fa19b28.m800.tif.pv_.xHU1HMG85eTQ51vgF-300x250.jpg 300w, https:\/\/ronaldruseler.nl\/wp-tekst\/wp-content\/uploads\/2021\/11\/T0329_20130205.t5fa19b28.m800.tif.pv_.xHU1HMG85eTQ51vgF-768x639.jpg 768w, https:\/\/ronaldruseler.nl\/wp-tekst\/wp-content\/uploads\/2021\/11\/T0329_20130205.t5fa19b28.m800.tif.pv_.xHU1HMG85eTQ51vgF-624x519.jpg 624w\" sizes=\"auto, (max-width: 400px) 100vw, 400px\" \/><figcaption class=\"wp-element-caption\"><em><sub>Edvard Munch &#8211; Ogen | De Stem, ca.1893 \u2013 1896.<\/sub><\/em><\/figcaption><\/figure>\n\n\n\n<p><strong>De hemelse blik<\/strong><br>In die tekening komt een vrouwengezicht maar net in beeld en is half afgesneden aan de onderrand van het papier. Deze compositie komt ons nu niet onbekend voor, want foto\u2019s als deze tuimelen bijna dagelijks voorbij in de waterval van selfies op de sociale media. Edvard Munch echter heeft dit beeld uitgevonden om iets meer te zeggen dan een toevallige, vluchtige pose.<br><br><em>\u2018Dine \u00f8ine ere store som den halve himmel \/ n\u00e5r du st\u00e5r n\u00e6r mig og h\u00e5ret dit har guldst\u00f8v \/ munden ser jeg ikke &#8211; ser blot at du smiler\u2019<\/em>, schreef hij in potlood bij deze tekening. \u2018Je ogen zijn zo groot als de helft van de hemel \/ als je dicht bij me staat, en je haar heeft goudstof \/ je mond zie ik niet \u2013 zie gewoon dat je lacht.\u2019&nbsp;<\/p>\n\n\n\n<p>Hij wil door middel van de ogen en die blik een stem laten horen, een stem die samengaat met de vervoering die de kunstenaar op dat moment voelde. In een split second was hij gevangen in de tijd en wij, de beschouwers &#8211; de meekijkers, worden opgenomen in de eeuwige kortstondigheid van dit kunstwerk. De ogen kijken ons hemels aan en onderwijl varen twee figuren zwijgend in een roeiboot voorbij en de ondergaande zon staat aan de einder, met links en rechts bomen aan de oever. <br>Deze bijzondere compositie gebruikte Margreet eerst als basisvorm toen zij er begin dit jaar een ets over maakte, maar de tekening bleef haar intrigeren. Er zat meer in om over na te denken. In de blik lag een transcendent universum verscholen en die oneindigheid weerkaatste in haar gedachten tijdens haar wandelingen. Terug in het atelier werkte zij in een paar maanden aan de twee reeksen van ieder 15 tekeningen <em>Stemmen | In het Woud <\/em>waarin zij als het ware verslag doet van de dwaaltocht door haar eigen gedachten. De kettingreactie die volgde op die ene stem van Munch is de samenvatting geworden van haar eigen stille wereld met op de achtergrond de oerknal, het moment waarop het donkere licht wordt.&nbsp;<\/p>\n\n\n\n<p>Vogelenzang, juli 2021.<\/p>\n\n\n\n<p class=\"has-small-font-size\">Geraadpleegde bronnen:&nbsp;<br>Gesprekken met Margreet Bouman maart en mei 2021<br>Wim Vogel: Het labyrint van Margreet Bouman 2011<br>Isabella Lanz: Family Affairs #1&amp;2, 1998<br>Lex ter Braak: Omgekeerde portretten 1996<br>Lex ter Braak: Het Hoofd 1994<br>Munchmuseet, Oslo: ref. MM.T.00329 | \u00d8yne. Stemmen. Tegninger.<\/p>\n\n\n\n<p class=\"has-small-font-size\">Meer werk van Margreet Bouman is te zien op <a href=\"https:\/\/www.margreetbouman.nl\">www.margreetbouman.nl<\/a><\/p>\n\n\n\n<figure class=\"wp-block-image size-large is-resized is-style-default\"><img loading=\"lazy\" decoding=\"async\" src=\"http:\/\/ronaldruseler.nl\/wp-tekst\/wp-content\/uploads\/2021\/11\/Stemmen-In-het-woud-4-2-1024x690.jpg\" alt=\"\" class=\"wp-image-3707\" width=\"426\" height=\"295\"\/><figcaption class=\"wp-element-caption\"><em><sub>Stemmen \/ In het woud 2021 140 x 210 cm grafiet op papier<\/sub><\/em><\/figcaption><\/figure>\n\n\n\n<figure class=\"wp-block-embed is-type-rich is-provider-insluiten-handler wp-block-embed-insluiten-handler wp-embed-aspect-16-9 wp-has-aspect-ratio\"><div class=\"wp-block-embed__wrapper\">\n<iframe loading=\"lazy\" title=\"Stemmen | In het woud 2021\" width=\"625\" height=\"352\" src=\"https:\/\/www.youtube.com\/embed\/Rs4Ka5wrdgc?feature=oembed\" frameborder=\"0\" allow=\"accelerometer; autoplay; clipboard-write; encrypted-media; gyroscope; picture-in-picture; web-share\" referrerpolicy=\"strict-origin-when-cross-origin\" allowfullscreen><\/iframe>\n<\/div><\/figure>\n\n\n\n<p><br><\/p>\n","protected":false},"excerpt":{"rendered":"<p>Toen ik Margreet Bouman in 1969 leerde kennen tekende zij mensfiguren. Ook hoofden, alleen waren het nog niet haar eigen hoofden. Die kwamen later pas, nadat zij haar studie aan de academie had afgerond. Van dichtbij heb ik de ontwikkeling van haar kunst nauwgezet kunnen volgen. Haar eigen zelf werd stukje bij beetje de kern van haar werk. De hoofden&#8230; <a href=\"https:\/\/ronaldruseler.nl\/wp-tekst\/margreet-bouman-het-zelfportret-als-opgave\/\">Read more &raquo;<\/a><\/p>\n","protected":false},"author":1,"featured_media":0,"parent":0,"menu_order":0,"comment_status":"closed","ping_status":"closed","template":"","meta":{"footnotes":""},"class_list":["post-3693","page","type-page","status-publish","hentry"],"_links":{"self":[{"href":"https:\/\/ronaldruseler.nl\/wp-tekst\/wp-json\/wp\/v2\/pages\/3693","targetHints":{"allow":["GET"]}}],"collection":[{"href":"https:\/\/ronaldruseler.nl\/wp-tekst\/wp-json\/wp\/v2\/pages"}],"about":[{"href":"https:\/\/ronaldruseler.nl\/wp-tekst\/wp-json\/wp\/v2\/types\/page"}],"author":[{"embeddable":true,"href":"https:\/\/ronaldruseler.nl\/wp-tekst\/wp-json\/wp\/v2\/users\/1"}],"replies":[{"embeddable":true,"href":"https:\/\/ronaldruseler.nl\/wp-tekst\/wp-json\/wp\/v2\/comments?post=3693"}],"version-history":[{"count":18,"href":"https:\/\/ronaldruseler.nl\/wp-tekst\/wp-json\/wp\/v2\/pages\/3693\/revisions"}],"predecessor-version":[{"id":4690,"href":"https:\/\/ronaldruseler.nl\/wp-tekst\/wp-json\/wp\/v2\/pages\/3693\/revisions\/4690"}],"wp:attachment":[{"href":"https:\/\/ronaldruseler.nl\/wp-tekst\/wp-json\/wp\/v2\/media?parent=3693"}],"curies":[{"name":"wp","href":"https:\/\/api.w.org\/{rel}","templated":true}]}}